CRAN Package Check Results for Package gRapfa

Last updated on 2017-07-26 01:56:15.

Flavor Version Tinstall Tcheck Ttotal Status Flags
r-devel-linux-x86_64-debian-clang 1.0 0.81 26.23 27.04 NOTE
r-devel-linux-x86_64-debian-gcc 1.0 0.74 25.71 26.46 NOTE
r-devel-linux-x86_64-fedora-clang 1.0 32.98 NOTE
r-devel-linux-x86_64-fedora-gcc 1.0 32.02 NOTE
r-devel-windows-ix86+x86_64 1.0 4.00 37.00 41.00 NOTE
r-patched-linux-x86_64 1.0 0.76 25.90 26.66 NOTE
r-patched-solaris-x86 1.0 48.80 NOTE
r-release-linux-x86_64 1.0 1.00 26.13 27.13 NOTE
r-release-windows-ix86+x86_64 1.0 3.00 48.00 51.00 NOTE
r-release-osx-x86_64 1.0 NOTE
r-oldrel-windows-ix86+x86_64 1.0 3.00 34.00 37.00 NOTE
r-oldrel-osx-x86_64 1.0 NOTE

Check Details

Version: 1.0
Check: R code for possible problems
Result: NOTE
    KL: no visible global function definition for ‘complete.cases’
    MergeNodes: no visible global function definition for ‘colors’
    cross.validate: no visible global function definition for ‘runif’
    fit.APFA: no visible global function definition for ‘complete.cases’
    fit.APFA: no visible global function definition for ‘aggregate’
    select.beagle: no visible global function definition for ‘write.table’
    select.beagle: no visible global function definition for ‘aggregate’
    select.beagle: no visible global function definition for ‘colors’
    simulateAPFA: no visible global function definition for ‘runif’
    st: no visible global function definition for ‘colors’
    Undefined global functions or variables:
     aggregate colors complete.cases runif write.table
    Consider adding
     importFrom("grDevices", "colors")
     importFrom("stats", "aggregate", "complete.cases", "runif")
     importFrom("utils", "write.table")
    to your NAMESPACE file.
Flavors: r-devel-linux-x86_64-debian-clang, r-devel-linux-x86_64-debian-gcc, r-devel-linux-x86_64-fedora-clang, r-devel-linux-x86_64-fedora-gcc, r-devel-windows-ix86+x86_64, r-patched-linux-x86_64, r-patched-solaris-x86, r-release-linux-x86_64, r-release-windows-ix86+x86_64, r-release-osx-x86_64, r-oldrel-windows-ix86+x86_64, r-oldrel-osx-x86_64