CRAN Package Check Results for Package gamclass

Last updated on 2017-07-26 01:56:14.

Flavor Version Tinstall Tcheck Ttotal Status Flags
r-devel-linux-x86_64-debian-clang 0.56 6.61 212.88 219.49 OK
r-devel-linux-x86_64-debian-gcc 0.56 6.59 209.22 215.81 OK
r-devel-linux-x86_64-fedora-clang 0.56 301.49 OK
r-devel-linux-x86_64-fedora-gcc 0.56 298.08 OK
r-devel-windows-ix86+x86_64 0.56 23.00 325.00 348.00 OK
r-patched-linux-x86_64 0.56 6.72 212.54 219.26 OK
r-patched-solaris-x86 0.56 404.80 OK
r-release-linux-x86_64 0.56 6.89 211.64 218.53 OK
r-release-windows-ix86+x86_64 0.56 17.00 296.00 313.00 OK
r-release-osx-x86_64 0.56 NOTE
r-oldrel-windows-ix86+x86_64 0.56 16.00 234.00 250.00 OK
r-oldrel-osx-x86_64 0.56 OK

Check Details

Version: 0.56
Check: package dependencies
Result: NOTE
    Package suggested but not available for checking: ‘DAAGbio’
Flavor: r-release-osx-x86_64