Last updated on 2017-07-26 01:56:14.
Flavor | Version | Tinstall | Tcheck | Ttotal | Status | Flags |
---|---|---|---|---|---|---|
r-devel-linux-x86_64-debian-clang | 1.1.3.2 | 1.54 | 25.75 | 27.28 | OK | |
r-devel-linux-x86_64-debian-gcc | 1.1.3.2 | 1.42 | 25.58 | 27.00 | OK | |
r-devel-linux-x86_64-fedora-clang | 1.1.3.2 | 36.55 | NOTE | |||
r-devel-linux-x86_64-fedora-gcc | 1.1.3.2 | 36.72 | NOTE | |||
r-devel-windows-ix86+x86_64 | 1.1.3.2 | 10.00 | 77.00 | 87.00 | OK | |
r-patched-linux-x86_64 | 1.1.3.2 | 1.50 | 26.02 | 27.52 | OK | |
r-patched-solaris-x86 | 1.1.3.2 | 55.50 | NOTE | |||
r-release-linux-x86_64 | 1.1.3.2 | 1.43 | 26.27 | 27.70 | OK | |
r-release-windows-ix86+x86_64 | 1.1.3.2 | 7.00 | 83.00 | 90.00 | OK | |
r-release-osx-x86_64 | 1.1.3.2 | NOTE | ||||
r-oldrel-osx-x86_64 | 1.1.3.2 | ERROR |
Version: 1.1.3.2
Check: dependencies in R code
Result: NOTE
Namespace in Imports field not imported from: ‘grDevices’
All declared Imports should be used.
Flavors: r-devel-linux-x86_64-fedora-clang, r-devel-linux-x86_64-fedora-gcc, r-patched-solaris-x86, r-release-osx-x86_64
Version: 1.1.3.2
Check: package dependencies
Result: ERROR
Packages required and available but unsuitable versions:
‘grDevices’ ‘graphics’ ‘stats’
See section ‘The DESCRIPTION file’ in the ‘Writing R Extensions’
manual.
Flavor: r-oldrel-osx-x86_64