Last updated on 2017-07-26 01:56:14.
Flavor | Version | Tinstall | Tcheck | Ttotal | Status | Flags |
---|---|---|---|---|---|---|
r-devel-linux-x86_64-debian-clang | 0.4.0 | 3.92 | 119.72 | 123.64 | OK | |
r-devel-linux-x86_64-debian-gcc | 0.5 | 2.47 | 104.87 | 107.34 | OK | |
r-devel-linux-x86_64-fedora-clang | 0.5 | 103.59 | NOTE | |||
r-devel-linux-x86_64-fedora-gcc | 0.5 | 107.16 | NOTE | |||
r-devel-windows-ix86+x86_64 | 0.5 | 10.00 | 203.00 | 213.00 | OK | |
r-patched-linux-x86_64 | 0.4.0 | 3.97 | 122.39 | 126.36 | OK | |
r-patched-solaris-x86 | 0.5 | 208.40 | NOTE | |||
r-release-linux-x86_64 | 0.5 | 2.30 | 106.95 | 109.26 | OK | |
r-release-windows-ix86+x86_64 | 0.4.0 | 13.00 | 323.00 | 336.00 | OK | |
r-release-osx-x86_64 | 0.5 | ERROR | ||||
r-oldrel-windows-ix86+x86_64 | 0.5 | 9.00 | 166.00 | 175.00 | OK | |
r-oldrel-osx-x86_64 | 0.5 | ERROR |
Version: 0.5
Check: dependencies in R code
Result: NOTE
Namespaces in Imports field not imported from:
‘glue’ ‘tidyr’
All declared Imports should be used.
Flavors: r-devel-linux-x86_64-fedora-clang, r-devel-linux-x86_64-fedora-gcc, r-patched-solaris-x86
Version: 0.5
Check: package dependencies
Result: ERROR
Package required but not available: ‘mosaicCore’
See section ‘The DESCRIPTION file’ in the ‘Writing R Extensions’
manual.
Flavors: r-release-osx-x86_64, r-oldrel-osx-x86_64