CRAN Package Check Results for Package ggmosaic

Last updated on 2017-07-26 01:56:15.

Flavor Version Tinstall Tcheck Ttotal Status Flags
r-devel-linux-x86_64-debian-clang 0.1.2 2.04 50.06 52.09 OK
r-devel-linux-x86_64-debian-gcc 0.1.2 1.81 51.17 52.98 OK
r-devel-linux-x86_64-fedora-clang 0.1.2 86.18 NOTE
r-devel-linux-x86_64-fedora-gcc 0.1.2 81.92 NOTE
r-devel-windows-ix86+x86_64 0.1.2 10.00 107.00 117.00 OK
r-patched-linux-x86_64 0.1.2 2.07 52.54 54.60 OK
r-patched-solaris-x86 0.1.2 108.70 NOTE
r-release-linux-x86_64 0.1.2 1.89 49.45 51.34 OK
r-release-windows-ix86+x86_64 0.1.2 7.00 136.00 143.00 OK
r-release-osx-x86_64 0.1.2 NOTE
r-oldrel-windows-ix86+x86_64 0.1.2 8.00 89.00 97.00 OK
r-oldrel-osx-x86_64 0.1.2 NOTE

Check Details

Version: 0.1.2
Check: dependencies in R code
Result: NOTE
    Namespaces in Imports field not imported from:
     ‘NHANES’ ‘gridExtra’
     All declared Imports should be used.
Flavors: r-devel-linux-x86_64-fedora-clang, r-devel-linux-x86_64-fedora-gcc, r-patched-solaris-x86, r-release-osx-x86_64, r-oldrel-osx-x86_64