CRAN Package Check Results for Package gitter

Last updated on 2017-07-26 01:56:15.

Flavor Version Tinstall Tcheck Ttotal Status Flags
r-devel-linux-x86_64-debian-clang 1.1.1 2.05 40.71 42.76 OK
r-devel-linux-x86_64-debian-gcc 1.1.1 2.02 40.36 42.38 OK
r-devel-linux-x86_64-fedora-clang 1.1.1 65.58 OK
r-devel-linux-x86_64-fedora-gcc 1.1.1 63.42 OK
r-devel-windows-ix86+x86_64 1.1.1 12.00 80.00 92.00 OK
r-patched-linux-x86_64 1.1.1 1.94 40.86 42.79 OK
r-release-linux-x86_64 1.1.1 1.93 39.60 41.53 OK
r-release-windows-ix86+x86_64 1.1.1 7.00 84.00 91.00 OK
r-release-osx-x86_64 1.1.1 ERROR
r-oldrel-windows-ix86+x86_64 1.1.1 6.00 58.00 64.00 OK
r-oldrel-osx-x86_64 1.1.1 OK

Check Details

Version: 1.1.1
Check: package dependencies
Result: ERROR
    Package required but not available: ‘EBImage’
    
    See section ‘The DESCRIPTION file’ in the ‘Writing R Extensions’
    manual.
Flavor: r-release-osx-x86_64