CRAN Package Check Results for Package growcurves

Last updated on 2017-07-26 01:56:15.

Flavor Version Tinstall Tcheck Ttotal Status Flags
r-devel-linux-x86_64-debian-clang 0.2.4.1 144.74 99.00 243.74 NOTE
r-devel-linux-x86_64-debian-gcc 0.2.4.1 152.55 98.10 250.65 NOTE
r-devel-linux-x86_64-fedora-clang 0.2.4.1 492.84 NOTE
r-devel-linux-x86_64-fedora-gcc 0.2.4.1 454.26 NOTE
r-devel-windows-ix86+x86_64 0.2.4.1 481.00 297.00 778.00 OK
r-patched-linux-x86_64 0.2.4.1 148.23 101.79 250.02 NOTE
r-patched-solaris-x86 0.2.4.1 434.90 OK
r-release-linux-x86_64 0.2.4.1 150.88 96.58 247.46 NOTE
r-release-windows-ix86+x86_64 0.2.4.1 353.00 313.00 666.00 OK
r-release-osx-x86_64 0.2.4.1 NOTE
r-oldrel-windows-ix86+x86_64 0.2.4.1 387.00 239.00 626.00 OK
r-oldrel-osx-x86_64 0.2.4.1 NOTE

Check Details

Version: 0.2.4.1
Check: compiled code
Result: NOTE
    File ‘growcurves/libs/growcurves.so’:
     Found no calls to: ‘R_registerRoutines’, ‘R_useDynamicSymbols’
    
    It is good practice to register native routines and to disable symbol
    search.
    
    See ‘Writing portable packages’ in the ‘Writing R Extensions’ manual.
Flavors: r-devel-linux-x86_64-debian-clang, r-devel-linux-x86_64-debian-gcc, r-devel-linux-x86_64-fedora-clang, r-devel-linux-x86_64-fedora-gcc, r-patched-linux-x86_64, r-release-linux-x86_64

Version: 0.2.4.1
Check: installed package size
Result: NOTE
     installed size is 14.9Mb
     sub-directories of 1Mb or more:
     libs 14.4Mb
Flavors: r-devel-linux-x86_64-fedora-clang, r-devel-linux-x86_64-fedora-gcc, r-release-osx-x86_64, r-oldrel-osx-x86_64