Last updated on 2017-07-26 01:56:15.
Flavor | Version | Tinstall | Tcheck | Ttotal | Status | Flags |
---|---|---|---|---|---|---|
r-devel-linux-x86_64-debian-clang | 1.1.0 | 3.87 | 58.24 | 62.11 | NOTE | |
r-devel-linux-x86_64-debian-gcc | 1.1.0 | 3.58 | 56.36 | 59.94 | NOTE | |
r-devel-linux-x86_64-fedora-clang | 1.1.0 | 131.57 | NOTE | |||
r-devel-linux-x86_64-fedora-gcc | 1.1.0 | 119.95 | NOTE | |||
r-devel-windows-ix86+x86_64 | 1.1.0 | 17.00 | 128.00 | 145.00 | NOTE | |
r-patched-linux-x86_64 | 1.1.0 | 3.80 | 58.63 | 62.43 | NOTE | |
r-patched-solaris-x86 | 1.1.0 | 188.60 | NOTE | |||
r-release-linux-x86_64 | 1.1.0 | 3.76 | 57.48 | 61.24 | NOTE | |
r-release-windows-ix86+x86_64 | 1.1.0 | 12.00 | 125.00 | 137.00 | NOTE | |
r-release-osx-x86_64 | 1.1.0 | NOTE | ||||
r-oldrel-windows-ix86+x86_64 | 1.1.0 | 11.00 | 87.00 | 98.00 | NOTE | |
r-oldrel-osx-x86_64 | 1.1.0 | NOTE |
Version: 1.1.0
Check: R code for possible problems
Result: NOTE
binding: no visible global function definition for ‘rnorm’
binding: no visible binding for global variable ‘var’
binding: no visible global function definition for ‘uniroot’
equivonly: no visible global function definition for ‘rnorm’
equivonly: no visible binding for global variable ‘var’
equivonly: no visible global function definition for ‘uniroot’
figureE: no visible global function definition for ‘rgb’
figureEF: no visible global function definition for ‘rgb’
nfix : f: no visible global function definition for ‘pnorm’
nfix : f: no visible global function definition for ‘qnorm’
nfix: no visible global function definition for ‘uniroot’
nonbinding: no visible global function definition for ‘rnorm’
nonbinding: no visible binding for global variable ‘var’
nonbinding: no visible global function definition for ‘uniroot’
oc: no visible global function definition for ‘rnorm’
oc: no visible global function definition for ‘var’
Undefined global functions or variables:
pnorm qnorm rgb rnorm uniroot var
Consider adding
importFrom("grDevices", "rgb")
importFrom("stats", "pnorm", "qnorm", "rnorm", "uniroot", "var")
to your NAMESPACE file.
Flavors: r-devel-linux-x86_64-debian-clang, r-devel-linux-x86_64-debian-gcc, r-devel-linux-x86_64-fedora-clang, r-devel-linux-x86_64-fedora-gcc, r-devel-windows-ix86+x86_64, r-patched-linux-x86_64, r-patched-solaris-x86, r-release-linux-x86_64, r-release-windows-ix86+x86_64, r-release-osx-x86_64, r-oldrel-windows-ix86+x86_64, r-oldrel-osx-x86_64