CRAN Package Check Results for Package iBUGS

Last updated on 2017-07-26 01:56:17.

Flavor Version Tinstall Tcheck Ttotal Status Flags
r-devel-linux-x86_64-debian-clang 0.1.4 2.47 37.99 40.46 NOTE
r-devel-linux-x86_64-debian-gcc 0.1.4 2.32 37.68 40.00 NOTE
r-devel-linux-x86_64-fedora-clang 0.1.4 68.51 NOTE
r-devel-linux-x86_64-fedora-gcc 0.1.4 64.53 NOTE
r-devel-windows-ix86+x86_64 0.1.4 12.00 67.00 79.00 NOTE
r-patched-linux-x86_64 0.1.4 2.47 38.08 40.55 NOTE
r-patched-solaris-x86 0.1.4 96.10 NOTE
r-release-linux-x86_64 0.1.4 2.62 38.44 41.06 NOTE
r-release-windows-ix86+x86_64 0.1.4 7.00 89.00 96.00 NOTE
r-release-osx-x86_64 0.1.4 ERROR
r-oldrel-windows-ix86+x86_64 0.1.4 8.00 65.00 73.00 NOTE
r-oldrel-osx-x86_64 0.1.4 ERROR

Check Details

Version: 0.1.4
Check: dependencies in R code
Result: NOTE
    'library' or 'require' call to ‘R2jags’ in package code.
     Please use :: or requireNamespace() instead.
     See section 'Suggested packages' in the 'Writing R Extensions' manual.
    Packages in Depends field not imported from:
     ‘R2WinBUGS’ ‘gWidgetsRGtk2’
     These packages need to be imported from (in the NAMESPACE file)
     for when this namespace is loaded but not attached.
Flavors: r-devel-linux-x86_64-debian-clang, r-devel-linux-x86_64-debian-gcc, r-devel-linux-x86_64-fedora-clang, r-devel-linux-x86_64-fedora-gcc, r-devel-windows-ix86+x86_64, r-patched-linux-x86_64, r-patched-solaris-x86, r-release-linux-x86_64, r-release-windows-ix86+x86_64, r-oldrel-windows-ix86+x86_64

Version: 0.1.4
Check: R code for possible problems
Result: NOTE
    bugs.options: no visible global function definition for ‘gmessage’
    iBUGS: no visible global function definition for ‘ggroup’
    iBUGS: no visible global function definition for ‘gwindow’
    iBUGS: no visible global function definition for ‘gframe’
    iBUGS: no visible global function definition for ‘gradio’
    iBUGS: no visible global function definition for ‘svalue’
    iBUGS: no visible global function definition for ‘addHandlerClicked’
    iBUGS : <anonymous>: no visible global function definition for ‘svalue’
    iBUGS: no visible global function definition for ‘gtext’
    iBUGS: no visible global function definition for ‘gbutton’
    iBUGS : <anonymous>: no visible global function definition for ‘gfile’
    iBUGS : <anonymous>: no visible global function definition for
     ‘svalue<-’
    iBUGS : <anonymous>: no visible global function definition for ‘tag<-’
    iBUGS : <anonymous>: no visible global function definition for
     ‘tooltip<-’
    iBUGS : <anonymous>: no visible global function definition for ‘focus’
    iBUGS : <anonymous>: no visible global function definition for ‘tag’
    iBUGS : <anonymous>: no visible global function definition for ‘galert’
    iBUGS : <anonymous>: no visible global function definition for ‘ggroup’
    iBUGS : <anonymous>: no visible global function definition for
     ‘gwindow’
    iBUGS : <anonymous>: no visible global function definition for
     ‘glayout’
    iBUGS : <anonymous>: no visible global function definition for ‘gframe’
    iBUGS : <anonymous>: no visible global function definition for ‘gradio’
    iBUGS : <anonymous>: no visible global function definition for
     ‘addHandlerClicked’
    iBUGS : <anonymous> : <anonymous>: no visible global function
     definition for ‘svalue’
    iBUGS : <anonymous>: no visible global function definition for ‘gtable’
    iBUGS : <anonymous>: no visible global function definition for
     ‘addHandlerMouseMotion’
    iBUGS : <anonymous> : <anonymous>: no visible global function
     definition for ‘focus’
    iBUGS : <anonymous>: no visible global function definition for
     ‘addhandlerdoubleclick’
    iBUGS : <anonymous> : <anonymous>: no visible global function
     definition for ‘ginput’
    iBUGS : <anonymous>: no visible global function definition for ‘gedit’
    iBUGS : <anonymous>: no visible global function definition for ‘id<-’
    iBUGS : <anonymous>: no visible global function definition for
     ‘addhandlerblur’
    iBUGS : <anonymous> : <anonymous>: no visible global function
     definition for ‘id’
    iBUGS : <anonymous>: no visible global function definition for
     ‘gbutton’
    iBUGS : <anonymous> : <anonymous>: no visible global function
     definition for ‘dispose’
    iBUGS : <anonymous> : <anonymous>: no visible global function
     definition for ‘gwindow’
    iBUGS : <anonymous> : <anonymous>: no visible global function
     definition for ‘size<-’
    iBUGS : <anonymous> : <anonymous>: no visible global function
     definition for ‘ggroup’
    iBUGS : <anonymous> : <anonymous>: no visible global function
     definition for ‘ghelp’
    iBUGS : <anonymous> : <anonymous>: no visible global function
     definition for ‘visible<-’
    iBUGS : <anonymous> : <anonymous>: no visible global function
     definition for ‘add’
    iBUGS : <anonymous> : <anonymous>: no visible global function
     definition for ‘gbutton’
    iBUGS : <anonymous> : <anonymous> : <anonymous>: no visible global
     function definition for ‘dispose’
    iBUGS : <anonymous>: no visible global function definition for ‘size<-’
    iBUGS : <anonymous>: no visible global function definition for
     ‘autojags’
    iBUGS : <anonymous>: no visible global function definition for ‘plot’
    iBUGS : <anonymous>: no visible global function definition for
     ‘gconfirm’
    iBUGS : <anonymous>: no visible global function definition for ‘rnorm’
    iBUGS : <anonymous>: no visible global function definition for
     ‘dispose’
    Undefined global functions or variables:
     add addHandlerClicked addHandlerMouseMotion addhandlerblur
     addhandlerdoubleclick autojags dispose focus galert gbutton gconfirm
     gedit gfile gframe ggroup ghelp ginput glayout gmessage gradio gtable
     gtext gwindow id id<- plot rnorm size<- svalue svalue<- tag tag<-
     tooltip<- visible<-
    Consider adding
     importFrom("graphics", "plot")
     importFrom("stats", "rnorm")
    to your NAMESPACE file.
Flavors: r-devel-linux-x86_64-debian-clang, r-devel-linux-x86_64-debian-gcc, r-devel-linux-x86_64-fedora-clang, r-devel-linux-x86_64-fedora-gcc, r-devel-windows-ix86+x86_64, r-patched-linux-x86_64, r-patched-solaris-x86, r-release-linux-x86_64, r-release-windows-ix86+x86_64, r-oldrel-windows-ix86+x86_64

Version: 0.1.4
Check: files in ‘vignettes’
Result: NOTE
    The following directory looks like a leftover from 'knitr':
     ‘figure’
    Please remove from your package.
Flavors: r-devel-linux-x86_64-debian-clang, r-devel-linux-x86_64-debian-gcc, r-devel-linux-x86_64-fedora-clang, r-devel-linux-x86_64-fedora-gcc, r-devel-windows-ix86+x86_64, r-patched-linux-x86_64, r-patched-solaris-x86, r-release-linux-x86_64, r-release-windows-ix86+x86_64, r-oldrel-windows-ix86+x86_64

Version: 0.1.4
Check: package dependencies
Result: ERROR
    Package required but not available: ‘gWidgetsRGtk2’
    
    See section ‘The DESCRIPTION file’ in the ‘Writing R Extensions’
    manual.
Flavor: r-release-osx-x86_64

Version: 0.1.4
Check: whether package can be installed
Result: ERROR
    Installation failed.
Flavor: r-oldrel-osx-x86_64