Last updated on 2017-07-26 01:56:17.
Flavor | Version | Tinstall | Tcheck | Ttotal | Status | Flags |
---|---|---|---|---|---|---|
r-devel-linux-x86_64-debian-clang | 2.2 | 126.66 | 81.05 | 207.71 | OK | |
r-devel-linux-x86_64-debian-gcc | 2.2 | 132.29 | 78.47 | 210.77 | OK | |
r-devel-linux-x86_64-fedora-clang | 2.2 | 403.87 | NOTE | |||
r-devel-linux-x86_64-fedora-gcc | 2.2 | 383.99 | NOTE | |||
r-devel-windows-ix86+x86_64 | 2.2 | 249.00 | 180.00 | 429.00 | NOTE | |
r-patched-linux-x86_64 | 2.2 | 130.25 | 81.93 | 212.19 | OK | |
r-patched-solaris-x86 | 2.2 | 420.30 | NOTE | |||
r-release-linux-x86_64 | 2.2 | 127.66 | 84.80 | 212.46 | OK | |
r-release-windows-ix86+x86_64 | 2.2 | 186.00 | 192.00 | 378.00 | NOTE | |
r-release-osx-x86_64 | 2.2 | NOTE | ||||
r-oldrel-windows-ix86+x86_64 | 2.2 | 194.00 | 134.00 | 328.00 | NOTE | |
r-oldrel-osx-x86_64 | 2.2 | NOTE |
Version: 2.2
Check: installed package size
Result: NOTE
installed size is 15.5Mb
sub-directories of 1Mb or more:
R 1.5Mb
data 1.3Mb
doc 2.2Mb
libs 10.0Mb
Flavors: r-devel-linux-x86_64-fedora-clang, r-devel-linux-x86_64-fedora-gcc, r-devel-windows-ix86+x86_64, r-patched-solaris-x86, r-release-windows-ix86+x86_64, r-release-osx-x86_64, r-oldrel-windows-ix86+x86_64, r-oldrel-osx-x86_64
Version: 2.2
Check: data for non-ASCII characters
Result: NOTE
Note: found 55 marked UTF-8 strings
Flavors: r-devel-linux-x86_64-fedora-clang, r-devel-linux-x86_64-fedora-gcc, r-patched-solaris-x86, r-release-osx-x86_64, r-oldrel-osx-x86_64
Version: 2.2
Check: package dependencies
Result: NOTE
Package suggested but not available for checking: ‘RODBC’
Flavor: r-oldrel-osx-x86_64