Last updated on 2017-07-26 01:56:17.
Flavor | Version | Tinstall | Tcheck | Ttotal | Status | Flags |
---|---|---|---|---|---|---|
r-devel-linux-x86_64-debian-clang | 1.3.1 | 31.78 | 25.74 | 57.52 | NOTE | |
r-devel-linux-x86_64-debian-gcc | 1.3.1 | 31.96 | 25.28 | 57.24 | NOTE | |
r-devel-linux-x86_64-fedora-clang | 1.3.1 | 104.51 | NOTE | |||
r-devel-linux-x86_64-fedora-gcc | 1.3.1 | 92.33 | NOTE | |||
r-devel-windows-ix86+x86_64 | 1.3.1 | 135.00 | 59.00 | 194.00 | OK | |
r-patched-linux-x86_64 | 1.3.1 | 30.47 | 25.34 | 55.81 | NOTE | |
r-patched-solaris-x86 | 1.3.1 | 98.60 | OK | |||
r-release-linux-x86_64 | 1.3.1 | 30.52 | 25.62 | 56.14 | NOTE | |
r-release-windows-ix86+x86_64 | 1.3.1 | 82.00 | 75.00 | 157.00 | OK | |
r-release-osx-x86_64 | 1.3.1 | OK | ||||
r-oldrel-windows-ix86+x86_64 | 1.3.1 | 94.00 | 51.00 | 145.00 | OK | |
r-oldrel-osx-x86_64 | 1.3.1 | OK |
Version: 1.3.1
Check: compiled code
Result: NOTE
File ‘icensmis/libs/icensmis.so’:
Found no calls to: ‘R_registerRoutines’, ‘R_useDynamicSymbols’
It is good practice to register native routines and to disable symbol
search.
See ‘Writing portable packages’ in the ‘Writing R Extensions’ manual.
Flavors: r-devel-linux-x86_64-debian-clang, r-devel-linux-x86_64-debian-gcc, r-devel-linux-x86_64-fedora-clang, r-devel-linux-x86_64-fedora-gcc, r-patched-linux-x86_64, r-release-linux-x86_64