Last updated on 2017-07-26 01:56:17.
Flavor | Version | Tinstall | Tcheck | Ttotal | Status | Flags |
---|---|---|---|---|---|---|
r-devel-linux-x86_64-debian-clang | 0.4 | 25.96 | 54.34 | 80.30 | OK | |
r-devel-linux-x86_64-debian-gcc | 0.4 | 25.86 | 54.22 | 80.08 | OK | |
r-devel-linux-x86_64-fedora-clang | 0.4 | 168.02 | OK | |||
r-devel-linux-x86_64-fedora-gcc | 0.4 | 152.97 | OK | |||
r-devel-windows-ix86+x86_64 | 0.4 | 102.00 | 119.00 | 221.00 | OK | |
r-patched-linux-x86_64 | 0.4 | 25.56 | 53.97 | 79.53 | OK | |
r-patched-solaris-x86 | 0.4 | 195.10 | OK | |||
r-release-linux-x86_64 | 0.4 | 25.54 | 54.71 | 80.25 | OK | |
r-release-windows-ix86+x86_64 | 0.4 | 85.00 | 155.00 | 240.00 | OK | |
r-release-osx-x86_64 | 0.4 | ERROR | ||||
r-oldrel-windows-ix86+x86_64 | 0.4 | 76.00 | 116.00 | 192.00 | OK | |
r-oldrel-osx-x86_64 | 0.4 | OK |
Version: 0.4
Check: package dependencies
Result: ERROR
Package required but not available: ‘imputeLCMD’
See section ‘The DESCRIPTION file’ in the ‘Writing R Extensions’
manual.
Flavor: r-release-osx-x86_64