Last updated on 2017-07-26 01:56:17.
Flavor | Version | Tinstall | Tcheck | Ttotal | Status | Flags |
---|---|---|---|---|---|---|
r-devel-linux-x86_64-debian-clang | 2.5 | 11.10 | 98.39 | 109.48 | OK | |
r-devel-linux-x86_64-debian-gcc | 2.5 | 11.15 | 101.27 | 112.42 | OK | |
r-devel-linux-x86_64-fedora-clang | 2.5 | 166.48 | OK | |||
r-devel-linux-x86_64-fedora-gcc | 2.5 | 164.17 | OK | |||
r-devel-windows-ix86+x86_64 | 2.5 | 44.00 | 295.00 | 339.00 | OK | |
r-patched-linux-x86_64 | 2.5 | 10.67 | 102.46 | 113.13 | OK | |
r-patched-solaris-x86 | 2.5 | 204.90 | OK | |||
r-release-linux-x86_64 | 2.5 | 11.05 | 102.57 | 113.62 | OK | |
r-release-windows-ix86+x86_64 | 2.5 | 32.00 | 278.00 | 310.00 | OK | |
r-release-osx-x86_64 | 2.5 | WARN | ||||
r-oldrel-windows-ix86+x86_64 | 2.5 | 30.00 | 237.00 | 267.00 | OK | |
r-oldrel-osx-x86_64 | 2.5 | OK |
Version: 2.5
Check: re-building of vignette outputs
Result: WARN
Error in re-building vignettes:
...
Error in texi2dvi(file = file, pdf = TRUE, clean = clean, quiet = quiet, :
Running 'texi2dvi' on 'imputeTS-Time-Series-Missing-Value-Imputation-in-R.tex' failed.
LaTeX errors:
! LaTeX Error: File `environ.sty' not found.
Type X to quit or <RETURN> to proceed,
or enter new name. (Default extension: sty)
! Emergency stop.
<read *>
l.317 ^^M
! ==> Fatal error occurred, no output PDF file produced!
Calls: buildVignettes -> texi2pdf -> texi2dvi
Execution halted
Flavor: r-release-osx-x86_64