Last updated on 2017-07-26 01:56:17.
Flavor | Version | Tinstall | Tcheck | Ttotal | Status | Flags |
---|---|---|---|---|---|---|
r-devel-linux-x86_64-debian-clang | 0.1.5 | 3.55 | 77.15 | 80.70 | OK | |
r-devel-linux-x86_64-debian-gcc | 0.1.5 | 3.48 | 77.33 | 80.81 | OK | |
r-devel-linux-x86_64-fedora-clang | 0.1.5 | 168.19 | OK | |||
r-devel-linux-x86_64-fedora-gcc | 0.1.5 | 158.67 | OK | |||
r-devel-windows-ix86+x86_64 | 0.1.5 | 14.00 | 145.00 | 159.00 | OK | |
r-patched-linux-x86_64 | 0.1.5 | 3.84 | 79.59 | 83.42 | OK | |
r-patched-solaris-x86 | 0.1.5 | 223.40 | OK | |||
r-release-linux-x86_64 | 0.1.5 | 3.90 | 78.52 | 82.42 | OK | |
r-release-windows-ix86+x86_64 | 0.1.5 | 8.00 | 178.00 | 186.00 | OK | |
r-release-osx-x86_64 | 0.1.5 | ERROR | ||||
r-oldrel-windows-ix86+x86_64 | 0.1.5 | 10.00 | 135.00 | 145.00 | OK | |
r-oldrel-osx-x86_64 | 0.1.5 | OK |
Version: 0.1.5
Check: package dependencies
Result: ERROR
Package required but not available: ‘RGtk2’
See section ‘The DESCRIPTION file’ in the ‘Writing R Extensions’
manual.
Flavor: r-release-osx-x86_64