Last updated on 2017-07-26 01:56:17.
Flavor | Version | Tinstall | Tcheck | Ttotal | Status | Flags |
---|---|---|---|---|---|---|
r-devel-linux-x86_64-debian-clang | 1.0.1 | 0.70 | 17.43 | 18.13 | OK | |
r-devel-linux-x86_64-debian-gcc | 1.0.1 | 0.58 | 17.14 | 17.72 | OK | |
r-devel-linux-x86_64-fedora-clang | 1.0.1 | 20.24 | OK | |||
r-devel-linux-x86_64-fedora-gcc | 1.0.1 | 18.98 | OK | |||
r-devel-windows-ix86+x86_64 | 1.0.1 | 3.00 | 28.00 | 31.00 | OK | |
r-patched-linux-x86_64 | 1.0.1 | 0.60 | 17.43 | 18.03 | OK | |
r-patched-solaris-x86 | 1.0.1 | 32.50 | OK | |||
r-release-linux-x86_64 | 1.0.1 | 0.64 | 17.27 | 17.91 | OK | |
r-release-windows-ix86+x86_64 | 1.0.1 | 3.00 | 36.00 | 39.00 | OK | |
r-release-osx-x86_64 | 1.0.1 | OK | ||||
r-oldrel-windows-ix86+x86_64 | 1.0.1 | 2.00 | 29.00 | 31.00 | OK | |
r-oldrel-osx-x86_64 | 1.0.1 | ERROR |
Version: 1.0.1
Check: whether package can be installed
Result: ERROR
Installation failed.
Flavor: r-oldrel-osx-x86_64