Last updated on 2017-07-26 01:56:17.
Flavor | Version | Tinstall | Tcheck | Ttotal | Status | Flags |
---|---|---|---|---|---|---|
r-devel-linux-x86_64-debian-clang | 0.2.4 | 0.68 | 22.63 | 23.30 | OK | |
r-devel-linux-x86_64-debian-gcc | 0.2.4 | 0.70 | 21.99 | 22.69 | OK | |
r-devel-linux-x86_64-fedora-clang | 0.2.4 | 32.24 | OK | |||
r-devel-linux-x86_64-fedora-gcc | 0.2.4 | 28.35 | OK | |||
r-devel-windows-ix86+x86_64 | 0.2.4 | 5.00 | 35.00 | 40.00 | OK | |
r-patched-linux-x86_64 | 0.2.4 | 0.79 | 22.76 | 23.55 | OK | |
r-patched-solaris-x86 | 0.2.4 | 41.70 | OK | |||
r-release-linux-x86_64 | 0.2.4 | 0.70 | 22.59 | 23.29 | OK | |
r-release-windows-ix86+x86_64 | 0.2.4 | 3.00 | 57.00 | 60.00 | OK | |
r-release-osx-x86_64 | 0.2.4 | NOTE | ||||
r-oldrel-windows-ix86+x86_64 | 0.2.4 | 2.00 | 33.00 | 35.00 | OK | |
r-oldrel-osx-x86_64 | 0.2.4 | OK |
Version: 0.2.4
Check: package dependencies
Result: NOTE
Package suggested but not available for checking: ‘rhdf5’
Flavor: r-release-osx-x86_64