Last updated on 2017-07-26 01:56:18.
Flavor | Version | Tinstall | Tcheck | Ttotal | Status | Flags |
---|---|---|---|---|---|---|
r-devel-linux-x86_64-debian-clang | 2.0.0 | 0.78 | 24.56 | 25.34 | OK | |
r-devel-linux-x86_64-debian-gcc | 2.0.0 | 0.90 | 24.49 | 25.39 | OK | |
r-devel-linux-x86_64-fedora-clang | 2.0.0 | 37.62 | OK | |||
r-devel-linux-x86_64-fedora-gcc | 2.0.0 | 33.87 | OK | |||
r-devel-windows-ix86+x86_64 | 2.0.0 | 6.00 | 43.00 | 49.00 | OK | |
r-patched-linux-x86_64 | 2.0.0 | 0.81 | 24.57 | 25.38 | OK | |
r-patched-solaris-x86 | 2.0.0 | 50.40 | OK | |||
r-release-linux-x86_64 | 2.0.0 | 0.71 | 24.43 | 25.14 | OK | |
r-release-windows-ix86+x86_64 | 2.0.0 | 3.00 | 53.00 | 56.00 | OK | |
r-release-osx-x86_64 | 2.0.0 | ERROR | ||||
r-oldrel-windows-ix86+x86_64 | 2.0.0 | 3.00 | 35.00 | 38.00 | OK | |
r-oldrel-osx-x86_64 | 2.0.0 | OK |
Version: 2.0.0
Check: package dependencies
Result: ERROR
Package required but not available: ‘Rglpk’
See section ‘The DESCRIPTION file’ in the ‘Writing R Extensions’
manual.
Flavor: r-release-osx-x86_64