Last updated on 2017-07-26 01:56:18.
Flavor | Version | Tinstall | Tcheck | Ttotal | Status | Flags |
---|---|---|---|---|---|---|
r-devel-linux-x86_64-debian-clang | 0.4-7 | 5.29 | 63.98 | 69.27 | NOTE | |
r-devel-linux-x86_64-debian-gcc | 0.4-7 | 4.57 | 65.93 | 70.50 | NOTE | |
r-devel-linux-x86_64-fedora-clang | 0.4-7 | 116.49 | NOTE | |||
r-devel-linux-x86_64-fedora-gcc | 0.4-7 | 110.59 | NOTE | |||
r-devel-windows-ix86+x86_64 | 0.4-7 | 31.00 | 156.00 | 187.00 | OK | |
r-patched-linux-x86_64 | 0.4-7 | 4.79 | 65.71 | 70.49 | NOTE | |
r-patched-solaris-x86 | 0.4-7 | 156.40 | OK | |||
r-release-linux-x86_64 | 0.4-7 | 4.52 | 64.70 | 69.22 | NOTE | |
r-release-windows-ix86+x86_64 | 0.4-7 | 22.00 | 147.00 | 169.00 | OK | |
r-release-osx-x86_64 | 0.4-7 | OK | ||||
r-oldrel-windows-ix86+x86_64 | 0.4-7 | 17.00 | 128.00 | 145.00 | OK | |
r-oldrel-osx-x86_64 | 0.4-7 | OK |
Version: 0.4-7
Check: compiled code
Result: NOTE
File ‘kappalab/libs/kappalab.so’:
Found no calls to: ‘R_registerRoutines’, ‘R_useDynamicSymbols’
It is good practice to register native routines and to disable symbol
search.
See ‘Writing portable packages’ in the ‘Writing R Extensions’ manual.
Flavors: r-devel-linux-x86_64-debian-clang, r-devel-linux-x86_64-debian-gcc, r-devel-linux-x86_64-fedora-clang, r-devel-linux-x86_64-fedora-gcc, r-patched-linux-x86_64, r-release-linux-x86_64