CRAN Package Check Results for Package lda

Last updated on 2017-07-26 01:56:19.

Flavor Version Tinstall Tcheck Ttotal Status Flags
r-devel-linux-x86_64-debian-clang 1.4.2 1.98 26.09 28.07 NOTE
r-devel-linux-x86_64-debian-gcc 1.4.2 2.08 26.08 28.16 NOTE
r-devel-linux-x86_64-fedora-clang 1.4.2 39.88 NOTE
r-devel-linux-x86_64-fedora-gcc 1.4.2 37.77 NOTE
r-devel-windows-ix86+x86_64 1.4.2 15.00 62.00 77.00 OK
r-patched-linux-x86_64 1.4.2 2.11 27.19 29.30 NOTE
r-patched-solaris-x86 1.4.2 55.40 OK
r-release-linux-x86_64 1.4.2 2.20 25.71 27.91 NOTE
r-release-windows-ix86+x86_64 1.4.2 10.00 60.00 70.00 OK
r-release-osx-x86_64 1.4.2 OK
r-oldrel-windows-ix86+x86_64 1.4.2 8.00 49.00 57.00 OK
r-oldrel-osx-x86_64 1.4.2 OK

Check Details

Version: 1.4.2
Check: compiled code
Result: NOTE
    File ‘lda/libs/lda.so’:
     Found no calls to: ‘R_registerRoutines’, ‘R_useDynamicSymbols’
    
    It is good practice to register native routines and to disable symbol
    search.
    
    See ‘Writing portable packages’ in the ‘Writing R Extensions’ manual.
Flavors: r-devel-linux-x86_64-debian-clang, r-devel-linux-x86_64-debian-gcc, r-devel-linux-x86_64-fedora-clang, r-devel-linux-x86_64-fedora-gcc, r-patched-linux-x86_64, r-release-linux-x86_64