Last updated on 2017-07-26 01:56:19.
Flavor | Version | Tinstall | Tcheck | Ttotal | Status | Flags |
---|---|---|---|---|---|---|
r-devel-linux-x86_64-debian-clang | 0.2 | 1.13 | 22.40 | 23.53 | OK | |
r-devel-linux-x86_64-debian-gcc | 0.2 | 1.17 | 22.50 | 23.67 | OK | |
r-devel-linux-x86_64-fedora-clang | 0.2 | 32.01 | NOTE | |||
r-devel-linux-x86_64-fedora-gcc | 0.2 | 28.86 | NOTE | |||
r-devel-windows-ix86+x86_64 | 0.2 | 10.00 | 55.00 | 65.00 | OK | |
r-patched-linux-x86_64 | 0.2 | 1.20 | 23.03 | 24.22 | OK | |
r-patched-solaris-x86 | 0.2 | 43.60 | NOTE | |||
r-release-linux-x86_64 | 0.2 | 1.07 | 22.39 | 23.46 | OK | |
r-release-windows-ix86+x86_64 | 0.2 | 6.00 | 57.00 | 63.00 | OK | |
r-release-osx-x86_64 | 0.2 | NOTE | ||||
r-oldrel-windows-ix86+x86_64 | 0.2 | 5.00 | 34.00 | 39.00 | OK | |
r-oldrel-osx-x86_64 | 0.2 | NOTE |
Version: 0.2
Check: dependencies in R code
Result: NOTE
Namespaces in Imports field not imported from:
‘htmlwidgets’ ‘shiny’
All declared Imports should be used.
Flavors: r-devel-linux-x86_64-fedora-clang, r-devel-linux-x86_64-fedora-gcc, r-patched-solaris-x86, r-release-osx-x86_64, r-oldrel-osx-x86_64