Last updated on 2017-07-26 01:56:20.
Flavor | Version | Tinstall | Tcheck | Ttotal | Status | Flags |
---|---|---|---|---|---|---|
r-devel-linux-x86_64-debian-clang | 1.5.3 | 1.97 | 41.61 | 43.57 | NOTE | |
r-devel-linux-x86_64-debian-gcc | 1.5.3 | 1.78 | 41.85 | 43.63 | NOTE | |
r-devel-linux-x86_64-fedora-clang | 1.5.3 | 72.44 | NOTE | |||
r-devel-linux-x86_64-fedora-gcc | 1.5.3 | 68.16 | NOTE | |||
r-devel-windows-ix86+x86_64 | 1.5.3 | 14.00 | 88.00 | 102.00 | OK | |
r-patched-linux-x86_64 | 1.5.3 | 1.84 | 42.85 | 44.69 | NOTE | |
r-patched-solaris-x86 | 1.5.3 | 80.10 | OK | |||
r-release-linux-x86_64 | 1.5.3 | 1.82 | 42.04 | 43.85 | NOTE | |
r-release-windows-ix86+x86_64 | 1.5.3 | 8.00 | 89.00 | 97.00 | OK | |
r-release-osx-x86_64 | 1.5.3 | OK | ||||
r-oldrel-windows-ix86+x86_64 | 1.5.3 | 8.00 | 68.00 | 76.00 | OK | |
r-oldrel-osx-x86_64 | 1.5.3 | OK |
Version: 1.5.3
Check: compiled code
Result: NOTE
File ‘lqmm/libs/lqmm.so’:
Found no calls to: ‘R_registerRoutines’, ‘R_useDynamicSymbols’
It is good practice to register native routines and to disable symbol
search.
See ‘Writing portable packages’ in the ‘Writing R Extensions’ manual.
Flavors: r-devel-linux-x86_64-debian-clang, r-devel-linux-x86_64-debian-gcc, r-devel-linux-x86_64-fedora-clang, r-devel-linux-x86_64-fedora-gcc, r-patched-linux-x86_64, r-release-linux-x86_64