CRAN Package Check Results for Package lsmeans

Last updated on 2017-07-26 01:56:20.

Flavor Version Tinstall Tcheck Ttotal Status Flags
r-devel-linux-x86_64-debian-clang 2.26-3 6.78 97.58 104.36 NOTE
r-devel-linux-x86_64-debian-gcc 2.26-3 6.64 95.26 101.90 NOTE
r-devel-linux-x86_64-fedora-clang 2.26-3 183.75 NOTE
r-devel-linux-x86_64-fedora-gcc 2.26-3 175.36 NOTE
r-devel-windows-ix86+x86_64 2.26-3 20.00 187.00 207.00 NOTE
r-patched-linux-x86_64 2.26-3 6.44 97.72 104.15 NOTE
r-patched-solaris-x86 2.26-3 233.50 NOTE
r-release-linux-x86_64 2.26-3 6.41 99.07 105.48 NOTE
r-release-windows-ix86+x86_64 2.26-3 17.00 194.00 211.00 NOTE
r-release-osx-x86_64 2.26-3 NOTE
r-oldrel-windows-ix86+x86_64 2.26-3 13.00 140.00 153.00 NOTE
r-oldrel-osx-x86_64 2.26-3 NOTE

Check Details

Version: 2.26-3
Check: package dependencies
Result: NOTE
    Packages suggested but not available for checking: ‘glmmADMB’ ‘lme4.0’
Flavors: r-devel-linux-x86_64-debian-clang, r-devel-linux-x86_64-debian-gcc, r-devel-linux-x86_64-fedora-clang, r-devel-linux-x86_64-fedora-gcc, r-patched-linux-x86_64, r-patched-solaris-x86, r-release-linux-x86_64, r-release-osx-x86_64, r-oldrel-osx-x86_64

Version: 2.26-3
Check: package dependencies
Result: NOTE
    Package suggested but not available for checking: 'lme4.0'
Flavors: r-devel-windows-ix86+x86_64, r-release-windows-ix86+x86_64, r-oldrel-windows-ix86+x86_64