Last updated on 2017-07-26 01:56:20.
Flavor | Version | Tinstall | Tcheck | Ttotal | Status | Flags |
---|---|---|---|---|---|---|
r-devel-linux-x86_64-debian-clang | 0.3.4 | 2.86 | 50.49 | 53.35 | OK | |
r-devel-linux-x86_64-debian-gcc | 0.3.4 | 2.73 | 49.95 | 52.68 | OK | |
r-devel-linux-x86_64-fedora-clang | 0.3.4 | 89.74 | NOTE | |||
r-devel-linux-x86_64-fedora-gcc | 0.3.4 | 84.75 | NOTE | |||
r-devel-windows-ix86+x86_64 | 0.3.4 | 16.00 | 114.00 | 130.00 | OK | |
r-patched-linux-x86_64 | 0.3.4 | 3.02 | 50.49 | 53.50 | OK | |
r-patched-solaris-x86 | 0.3.4 | 122.60 | NOTE | |||
r-release-linux-x86_64 | 0.3.4 | 2.80 | 50.65 | 53.45 | OK | |
r-release-windows-ix86+x86_64 | 0.3.4 | 12.00 | 139.00 | 151.00 | OK | |
r-release-osx-x86_64 | 0.3.4 | NOTE | ||||
r-oldrel-windows-ix86+x86_64 | 0.3.4 | 10.00 | 77.00 | 87.00 | OK | |
r-oldrel-osx-x86_64 | 0.3.4 | NOTE |
Version: 0.3.4
Check: data for non-ASCII characters
Result: NOTE
Note: found 164 marked UTF-8 strings
Flavors: r-devel-linux-x86_64-fedora-clang, r-devel-linux-x86_64-fedora-gcc, r-patched-solaris-x86, r-release-osx-x86_64, r-oldrel-osx-x86_64