Last updated on 2017-07-26 01:56:20.
Flavor | Version | Tinstall | Tcheck | Ttotal | Status | Flags |
---|---|---|---|---|---|---|
r-devel-linux-x86_64-debian-clang | 0.9-2 | 4.58 | 89.02 | 93.60 | NOTE | |
r-devel-linux-x86_64-debian-gcc | 0.9-2 | 5.64 | 88.48 | 94.13 | NOTE | |
r-devel-linux-x86_64-fedora-clang | 0.9-2 | 144.81 | NOTE | |||
r-devel-linux-x86_64-fedora-gcc | 0.9-2 | 139.01 | NOTE | |||
r-devel-windows-ix86+x86_64 | 0.9-2 | 36.00 | 235.00 | 271.00 | NOTE | |
r-patched-linux-x86_64 | 0.9-2 | 4.90 | 89.88 | 94.77 | NOTE | |
r-patched-solaris-x86 | 0.9-2 | 180.50 | NOTE | |||
r-release-linux-x86_64 | 0.9-2 | 4.94 | 89.74 | 94.68 | NOTE | |
r-release-windows-ix86+x86_64 | 0.9-2 | 27.00 | 236.00 | 263.00 | NOTE | |
r-release-osx-x86_64 | 0.9-2 | NOTE | ||||
r-oldrel-windows-ix86+x86_64 | 0.9-2 | 23.00 | 152.00 | 175.00 | NOTE | |
r-oldrel-osx-x86_64 | 0.9-2 | NOTE |
Version: 0.9-2
Check: dependencies in R code
Result: NOTE
Missing or unexported object: ‘spatstat::is.hole.xypolygon’
Flavors: r-devel-linux-x86_64-debian-clang, r-devel-linux-x86_64-debian-gcc, r-devel-linux-x86_64-fedora-clang, r-devel-linux-x86_64-fedora-gcc, r-devel-windows-ix86+x86_64, r-patched-linux-x86_64, r-patched-solaris-x86, r-release-linux-x86_64, r-release-windows-ix86+x86_64, r-release-osx-x86_64, r-oldrel-windows-ix86+x86_64, r-oldrel-osx-x86_64
Version: 0.9-2
Check: re-building of vignette outputs
Result: NOTE
Error in re-building vignettes:
...
Loading required package: sp
Checking rgeos availability: TRUE
Warning: use rgdal::readOGR or sf::st_read
Warning: use rgdal::readOGR or sf::st_read
Warning: use rgdal::readOGR or sf::st_read
Warning: use rgdal::readOGR or sf::st_read
Warning: use rgdal::readOGR or sf::st_read
Warning: use rgdal::readOGR or sf::st_read
Warning: non-unique values when setting 'row.names': ‘37055’, ‘37095’
Error: processing vignette 'combine_maptools.Rnw' failed with diagnostics:
chunk 18
Error in unionSpatialPolygons(nc90, IDs = paste(nc90$ST, nc90$CO, sep = "")) :
package rgeos required for unionSpatialPolygons
Execution halted
Flavor: r-release-osx-x86_64