Last updated on 2017-07-26 01:56:20.
Flavor | Version | Tinstall | Tcheck | Ttotal | Status | Flags |
---|---|---|---|---|---|---|
r-devel-linux-x86_64-debian-clang | 1.0 | 0.58 | 18.71 | 19.29 | NOTE | |
r-devel-linux-x86_64-debian-gcc | 1.0 | 0.64 | 18.14 | 18.79 | NOTE | |
r-devel-linux-x86_64-fedora-clang | 1.0 | 20.11 | NOTE | |||
r-devel-linux-x86_64-fedora-gcc | 1.0 | 19.47 | NOTE | |||
r-devel-windows-ix86+x86_64 | 1.0 | 4.00 | 27.00 | 31.00 | NOTE | |
r-patched-linux-x86_64 | 1.0 | 0.58 | 18.79 | 19.37 | NOTE | |
r-patched-solaris-x86 | 1.0 | 30.30 | NOTE | |||
r-release-linux-x86_64 | 1.0 | 0.70 | 18.81 | 19.51 | NOTE | |
r-release-windows-ix86+x86_64 | 1.0 | 2.00 | 26.00 | 28.00 | NOTE | |
r-release-osx-x86_64 | 1.0 | NOTE | ||||
r-oldrel-windows-ix86+x86_64 | 1.0 | 2.00 | 25.00 | 27.00 | NOTE | |
r-oldrel-osx-x86_64 | 1.0 | NOTE |
Version: 1.0
Check: R code for possible problems
Result: NOTE
getbetap.A: no visible global function definition for ‘pbeta’
getbetap.A: no visible global function definition for ‘cor.test’
Undefined global functions or variables:
cor.test pbeta
Consider adding
importFrom("stats", "cor.test", "pbeta")
to your NAMESPACE file.
Flavors: r-devel-linux-x86_64-debian-clang, r-devel-linux-x86_64-debian-gcc, r-devel-linux-x86_64-fedora-clang, r-devel-linux-x86_64-fedora-gcc, r-devel-windows-ix86+x86_64, r-patched-linux-x86_64, r-patched-solaris-x86, r-release-linux-x86_64, r-release-windows-ix86+x86_64, r-release-osx-x86_64, r-oldrel-windows-ix86+x86_64, r-oldrel-osx-x86_64