CRAN Package Check Results for Package medfate

Last updated on 2017-07-26 01:56:20.

Flavor Version Tinstall Tcheck Ttotal Status Flags
r-devel-linux-x86_64-debian-clang 0.2.2 70.09 100.19 170.28 NOTE
r-devel-linux-x86_64-debian-gcc 0.2.2 78.76 98.66 177.42 NOTE
r-devel-linux-x86_64-fedora-clang 0.2.2 311.19 NOTE
r-devel-linux-x86_64-fedora-gcc 0.2.2 311.38 NOTE
r-devel-windows-ix86+x86_64 0.2.2 269.00 235.00 504.00 OK
r-patched-linux-x86_64 0.2.2 77.37 100.29 177.67 NOTE
r-patched-solaris-x86 0.2.2 341.20 OK
r-release-linux-x86_64 0.2.2 77.63 99.75 177.38 NOTE
r-release-windows-ix86+x86_64 0.2.2 194.00 272.00 466.00 OK
r-release-osx-x86_64 0.2.2 NOTE
r-oldrel-windows-ix86+x86_64 0.2.2 199.00 164.00 363.00 OK
r-oldrel-osx-x86_64 0.2.2 NOTE

Check Details

Version: 0.2.2
Check: compiled code
Result: NOTE
    File ‘medfate/libs/medfate.so’:
     Found no calls to: ‘R_registerRoutines’, ‘R_useDynamicSymbols’
    
    It is good practice to register native routines and to disable symbol
    search.
    
    See ‘Writing portable packages’ in the ‘Writing R Extensions’ manual.
Flavors: r-devel-linux-x86_64-debian-clang, r-devel-linux-x86_64-debian-gcc, r-devel-linux-x86_64-fedora-clang, r-devel-linux-x86_64-fedora-gcc, r-patched-linux-x86_64, r-release-linux-x86_64

Version: 0.2.2
Check: installed package size
Result: NOTE
     installed size is 8.9Mb
     sub-directories of 1Mb or more:
     doc 1.4Mb
     libs 7.2Mb
Flavors: r-devel-linux-x86_64-fedora-clang, r-devel-linux-x86_64-fedora-gcc, r-release-osx-x86_64, r-oldrel-osx-x86_64

Version: 0.2.2
Check: re-building of vignette outputs
Result: NOTE
    Error in re-building vignettes:
     ...
    Loading required package: meteoland
    Loading required package: sp
    Loading required package: qmap
    Loading required package: fitdistrplus
    Loading required package: MASS
    Loading required package: survival
    Loading required package: spdep
    Loading required package: Matrix
    Error in texi2dvi(file = file, pdf = TRUE, clean = clean, quiet = quiet, :
     Running 'texi2dvi' on 'FireBehaviour.tex' failed.
    LaTeX errors:
    ! LaTeX Error: File `authblk.sty' not found.
    
    Type X to quit or <RETURN> to proceed,
    or enter new name. (Default extension: sty)
    
    ! Emergency stop.
    <read *>
    
    l.5 \usepackage
     {amsmath}^^M
    ! ==> Fatal error occurred, no output PDF file produced!
    Calls: buildVignettes -> texi2pdf -> texi2dvi
    Execution halted
Flavor: r-release-osx-x86_64