CRAN Package Check Results for Package memo

Last updated on 2017-07-26 01:56:20.

Flavor Version Tinstall Tcheck Ttotal Status Flags
r-devel-linux-x86_64-debian-clang 1.0 1.11 19.53 20.64 NOTE
r-devel-linux-x86_64-debian-gcc 1.0 0.98 19.37 20.36 NOTE
r-devel-linux-x86_64-fedora-clang 1.0 25.52 NOTE
r-devel-linux-x86_64-fedora-gcc 1.0 23.53 NOTE
r-devel-windows-ix86+x86_64 1.0 10.00 36.00 46.00 OK
r-patched-linux-x86_64 1.0 0.97 19.57 20.53 NOTE
r-patched-solaris-x86 1.0 34.80 OK
r-release-linux-x86_64 1.0 0.93 19.59 20.52 NOTE
r-release-windows-ix86+x86_64 1.0 6.00 43.00 49.00 OK
r-release-osx-x86_64 1.0 OK
r-oldrel-windows-ix86+x86_64 1.0 6.00 32.00 38.00 OK
r-oldrel-osx-x86_64 1.0 OK

Additional issues

rchk

Check Details

Version: 1.0
Check: compiled code
Result: NOTE
    File ‘memo/libs/memo.so’:
     Found no calls to: ‘R_registerRoutines’, ‘R_useDynamicSymbols’
    
    It is good practice to register native routines and to disable symbol
    search.
    
    See ‘Writing portable packages’ in the ‘Writing R Extensions’ manual.
Flavors: r-devel-linux-x86_64-debian-clang, r-devel-linux-x86_64-debian-gcc, r-devel-linux-x86_64-fedora-clang, r-devel-linux-x86_64-fedora-gcc, r-patched-linux-x86_64, r-release-linux-x86_64