Last updated on 2017-07-26 01:56:20.
Flavor | Version | Tinstall | Tcheck | Ttotal | Status | Flags |
---|---|---|---|---|---|---|
r-devel-linux-x86_64-debian-clang | 1.1.0 | 0.60 | 21.45 | 22.05 | OK | |
r-devel-linux-x86_64-debian-gcc | 1.1.0 | 0.60 | 20.88 | 21.47 | OK | |
r-devel-linux-x86_64-fedora-clang | 1.1.0 | 22.32 | OK | |||
r-devel-linux-x86_64-fedora-gcc | 1.1.0 | 21.43 | OK | |||
r-devel-windows-ix86+x86_64 | 1.1.0 | 3.00 | 39.00 | 42.00 | OK | |
r-patched-linux-x86_64 | 1.1.0 | 0.61 | 21.11 | 21.72 | OK | |
r-patched-solaris-x86 | 1.1.0 | 32.20 | OK | |||
r-release-linux-x86_64 | 1.1.0 | 0.66 | 20.91 | 21.57 | OK | |
r-release-windows-ix86+x86_64 | 1.1.0 | 3.00 | 48.00 | 51.00 | OK | |
r-release-osx-x86_64 | 1.1.0 | NOTE | ||||
r-oldrel-windows-ix86+x86_64 | 1.1.0 | 2.00 | 28.00 | 30.00 | OK | |
r-oldrel-osx-x86_64 | 1.1.0 | NOTE |
Version: 1.1.0
Check: package dependencies
Result: NOTE
Package suggested but not available for checking: ‘aws.s3’
Flavors: r-release-osx-x86_64, r-oldrel-osx-x86_64