Last updated on 2017-07-26 01:56:21.
Flavor | Version | Tinstall | Tcheck | Ttotal | Status | Flags |
---|---|---|---|---|---|---|
r-devel-linux-x86_64-debian-clang | 1.1 | 0.64 | 16.86 | 17.49 | NOTE | |
r-devel-linux-x86_64-debian-gcc | 1.1 | 0.57 | 16.54 | 17.11 | NOTE | |
r-devel-linux-x86_64-fedora-clang | 1.1 | 17.40 | NOTE | |||
r-devel-linux-x86_64-fedora-gcc | 1.1 | 16.58 | NOTE | |||
r-devel-windows-ix86+x86_64 | 1.1 | 4.00 | 25.00 | 29.00 | NOTE | |
r-patched-linux-x86_64 | 1.1 | 0.60 | 16.51 | 17.10 | NOTE | |
r-patched-solaris-x86 | 1.1 | 26.10 | NOTE | |||
r-release-linux-x86_64 | 1.1 | 0.53 | 16.72 | 17.25 | NOTE | |
r-release-windows-ix86+x86_64 | 1.1 | 2.00 | 22.00 | 24.00 | NOTE | |
r-release-osx-x86_64 | 1.1 | NOTE | ||||
r-oldrel-windows-ix86+x86_64 | 1.1 | 2.00 | 22.00 | 24.00 | NOTE | |
r-oldrel-osx-x86_64 | 1.1 | NOTE |
Version: 1.1
Check: R code for possible problems
Result: NOTE
mkssd: no visible global function definition for ‘txtProgressBar’
mkssd: no visible global function definition for ‘setTxtProgressBar’
Undefined global functions or variables:
setTxtProgressBar txtProgressBar
Consider adding
importFrom("utils", "setTxtProgressBar", "txtProgressBar")
to your NAMESPACE file.
Flavors: r-devel-linux-x86_64-debian-clang, r-devel-linux-x86_64-debian-gcc, r-devel-linux-x86_64-fedora-clang, r-devel-linux-x86_64-fedora-gcc, r-devel-windows-ix86+x86_64, r-patched-linux-x86_64, r-patched-solaris-x86, r-release-linux-x86_64, r-release-windows-ix86+x86_64, r-release-osx-x86_64, r-oldrel-windows-ix86+x86_64, r-oldrel-osx-x86_64