Last updated on 2017-07-26 01:56:22.
Flavor | Version | Tinstall | Tcheck | Ttotal | Status | Flags |
---|---|---|---|---|---|---|
r-devel-linux-x86_64-debian-clang | 0.1 | 2.61 | 42.61 | 45.22 | NOTE | |
r-devel-linux-x86_64-debian-gcc | 0.1 | 2.57 | 39.81 | 42.38 | NOTE | |
r-devel-linux-x86_64-fedora-clang | 0.1 | 79.40 | NOTE | |||
r-devel-linux-x86_64-fedora-gcc | 0.1 | 77.25 | NOTE | |||
r-devel-windows-ix86+x86_64 | 0.1 | 12.00 | 64.00 | 76.00 | NOTE | |
r-patched-linux-x86_64 | 0.1 | 2.65 | 40.55 | 43.19 | NOTE | |
r-patched-solaris-x86 | 0.1 | 116.50 | NOTE | |||
r-release-linux-x86_64 | 0.1 | 2.75 | 41.27 | 44.02 | NOTE | |
r-release-windows-ix86+x86_64 | 0.1 | 8.00 | 81.00 | 89.00 | NOTE | |
r-release-osx-x86_64 | 0.1 | NOTE | ||||
r-oldrel-windows-ix86+x86_64 | 0.1 | 7.00 | 64.00 | 71.00 | NOTE | |
r-oldrel-osx-x86_64 | 0.1 | NOTE |
Version: 0.1
Check: DESCRIPTION meta-information
Result: NOTE
Checking should be performed on sources prepared by ‘R CMD build’.
Flavors: r-devel-linux-x86_64-debian-clang, r-devel-linux-x86_64-debian-gcc, r-devel-linux-x86_64-fedora-clang, r-devel-linux-x86_64-fedora-gcc, r-devel-windows-ix86+x86_64, r-patched-linux-x86_64, r-patched-solaris-x86, r-release-linux-x86_64, r-release-windows-ix86+x86_64, r-release-osx-x86_64, r-oldrel-windows-ix86+x86_64, r-oldrel-osx-x86_64