Last updated on 2017-07-26 01:56:22.
Flavor | Version | Tinstall | Tcheck | Ttotal | Status | Flags |
---|---|---|---|---|---|---|
r-devel-linux-x86_64-debian-clang | 2.1.0 | 18.78 | 152.68 | 171.46 | NOTE | |
r-devel-linux-x86_64-debian-gcc | 2.1.0 | 19.06 | 139.52 | 158.58 | NOTE | |
r-devel-linux-x86_64-fedora-clang | 2.1.0 | 322.48 | NOTE | |||
r-devel-linux-x86_64-fedora-gcc | 2.1.0 | 292.07 | NOTE | |||
r-devel-windows-ix86+x86_64 | 2.1.0 | 73.00 | 403.00 | 476.00 | NOTE | |
r-patched-linux-x86_64 | 2.1.0 | 18.44 | 145.73 | 164.16 | NOTE | |
r-patched-solaris-x86 | 2.1.0 | 368.20 | OK | |||
r-release-linux-x86_64 | 2.1.0 | 19.27 | 144.62 | 163.88 | NOTE | |
r-release-windows-ix86+x86_64 | 2.1.0 | 58.00 | 431.00 | 489.00 | NOTE | |
r-release-osx-x86_64 | 2.1.0 | OK | ||||
r-oldrel-windows-ix86+x86_64 | 2.1.0 | 57.00 | 302.00 | 359.00 | NOTE | |
r-oldrel-osx-x86_64 | 2.1.0 | OK |
Version: 2.1.0
Check: compiled code
Result: NOTE
File ‘move/libs/move.so’:
Found no calls to: ‘R_registerRoutines’, ‘R_useDynamicSymbols’
It is good practice to register native routines and to disable symbol
search.
See ‘Writing portable packages’ in the ‘Writing R Extensions’ manual.
Flavors: r-devel-linux-x86_64-debian-clang, r-devel-linux-x86_64-debian-gcc, r-devel-linux-x86_64-fedora-clang, r-devel-linux-x86_64-fedora-gcc, r-patched-linux-x86_64, r-release-linux-x86_64
Version: 2.1.0
Check: installed package size
Result: NOTE
installed size is 5.1Mb
sub-directories of 1Mb or more:
data 1.5Mb
libs 1.5Mb
Flavors: r-devel-windows-ix86+x86_64, r-release-windows-ix86+x86_64, r-oldrel-windows-ix86+x86_64