CRAN Package Check Results for Package mpmcorrelogram

Last updated on 2017-07-26 01:56:22.

Flavor Version Tinstall Tcheck Ttotal Status Flags
r-devel-linux-x86_64-debian-clang 0.1-3 2.75 38.13 40.89 NOTE
r-devel-linux-x86_64-debian-gcc 0.1-3 2.64 37.17 39.80 NOTE
r-devel-linux-x86_64-fedora-clang 0.1-3 87.78 NOTE
r-devel-linux-x86_64-fedora-gcc 0.1-3 80.34 NOTE
r-devel-windows-ix86+x86_64 0.1-3 11.00 63.00 74.00 NOTE
r-patched-linux-x86_64 0.1-3 2.43 37.87 40.30 NOTE
r-patched-solaris-x86 0.1-3 119.50 NOTE
r-release-linux-x86_64 0.1-3 2.41 38.05 40.47 NOTE
r-release-windows-ix86+x86_64 0.1-3 7.00 81.00 88.00 NOTE
r-release-osx-x86_64 0.1-3 NOTE
r-oldrel-windows-ix86+x86_64 0.1-3 6.00 60.00 66.00 NOTE
r-oldrel-osx-x86_64 0.1-3 NOTE

Check Details

Version: 0.1-3
Check: dependencies in R code
Result: NOTE
    'library' or 'require' call to ‘vegan’ which was already attached by Depends.
     Please remove these calls from your code.
Flavors: r-devel-linux-x86_64-debian-clang, r-devel-linux-x86_64-debian-gcc, r-devel-linux-x86_64-fedora-clang, r-devel-linux-x86_64-fedora-gcc, r-devel-windows-ix86+x86_64, r-patched-linux-x86_64, r-patched-solaris-x86, r-release-linux-x86_64, r-release-windows-ix86+x86_64, r-release-osx-x86_64, r-oldrel-windows-ix86+x86_64, r-oldrel-osx-x86_64

Version: 0.1-3
Check: R code for possible problems
Result: NOTE
    mpmcorrelogram: no visible global function definition for
     ‘mantel.partial’
    Undefined global functions or variables:
     mantel.partial
Flavors: r-devel-linux-x86_64-debian-clang, r-devel-linux-x86_64-debian-gcc, r-devel-linux-x86_64-fedora-clang, r-devel-linux-x86_64-fedora-gcc, r-devel-windows-ix86+x86_64, r-patched-linux-x86_64, r-patched-solaris-x86, r-release-linux-x86_64, r-release-windows-ix86+x86_64, r-release-osx-x86_64, r-oldrel-windows-ix86+x86_64, r-oldrel-osx-x86_64