CRAN Package Check Results for Package multipanelfigure

Last updated on 2017-07-26 01:56:22.

Flavor Version Tinstall Tcheck Ttotal Status Flags
r-devel-linux-x86_64-debian-clang 0.9.0 1.72 51.53 53.24 OK
r-devel-linux-x86_64-debian-gcc 0.9.0 1.88 51.40 53.27 OK
r-devel-linux-x86_64-fedora-clang 0.9.0 78.95 OK
r-devel-linux-x86_64-fedora-gcc 0.9.0 78.85 OK
r-devel-windows-ix86+x86_64 0.9.0 9.00 103.00 112.00 OK
r-patched-linux-x86_64 0.9.0 1.95 50.95 52.90 OK
r-release-linux-x86_64 0.9.0 1.62 50.80 52.43 OK
r-release-windows-ix86+x86_64 0.9.0 6.00 104.00 110.00 OK
r-release-osx-x86_64 0.9.0 ERROR
r-oldrel-windows-ix86+x86_64 0.9.0 5.00 70.00 75.00 OK
r-oldrel-osx-x86_64 0.9.0 OK

Check Details

Version: 0.9.0
Check: package dependencies
Result: ERROR
    Package required but not available: ‘gridGraphics’
    
    See section ‘The DESCRIPTION file’ in the ‘Writing R Extensions’
    manual.
Flavor: r-release-osx-x86_64