Last updated on 2017-07-26 01:56:23.
Flavor | Version | Tinstall | Tcheck | Ttotal | Status | Flags |
---|---|---|---|---|---|---|
r-devel-linux-x86_64-debian-clang | 0.6.0 | 10.14 | 170.33 | 180.47 | OK | |
r-devel-linux-x86_64-debian-gcc | 0.6.0 | 9.90 | 170.77 | 180.67 | OK | |
r-devel-linux-x86_64-fedora-clang | 0.6.0 | 315.60 | NOTE | |||
r-devel-linux-x86_64-fedora-gcc | 0.6.0 | 308.77 | NOTE | |||
r-devel-windows-ix86+x86_64 | 0.6.0 | 49.00 | 539.00 | 588.00 | NOTE | |
r-patched-linux-x86_64 | 0.6.0 | 9.97 | 166.84 | 176.82 | OK | |
r-patched-solaris-x86 | 0.6.0 | 478.80 | NOTE | |||
r-release-linux-x86_64 | 0.6.0 | 9.86 | 162.27 | 172.14 | OK | |
r-release-windows-ix86+x86_64 | 0.6.0 | 36.00 | 552.00 | 588.00 | NOTE | |
r-release-osx-x86_64 | 0.6.0 | ERROR | ||||
r-oldrel-windows-ix86+x86_64 | 0.6.0 | 34.00 | 402.00 | 436.00 | NOTE | |
r-oldrel-osx-x86_64 | 0.6.0 | NOTE |
Version: 0.6.0
Check: installed package size
Result: NOTE
installed size is 5.5Mb
sub-directories of 1Mb or more:
data 2.0Mb
doc 2.7Mb
Flavors: r-devel-linux-x86_64-fedora-clang, r-devel-linux-x86_64-fedora-gcc, r-devel-windows-ix86+x86_64, r-patched-solaris-x86, r-release-windows-ix86+x86_64, r-oldrel-windows-ix86+x86_64, r-oldrel-osx-x86_64
Version: 0.6.0
Check: package dependencies
Result: ERROR
Package required but not available: ‘edgeR’
See section ‘The DESCRIPTION file’ in the ‘Writing R Extensions’
manual.
Flavor: r-release-osx-x86_64