CRAN Package Check Results for Package nandb

Last updated on 2017-07-26 01:56:23.

Flavor Version Tinstall Tcheck Ttotal Status Flags
r-devel-linux-x86_64-debian-clang 0.2.1 23.05 135.42 158.47 OK
r-devel-linux-x86_64-debian-gcc 0.2.1 24.26 135.72 159.98 OK
r-devel-linux-x86_64-fedora-clang 0.2.1 209.83 OK
r-devel-linux-x86_64-fedora-gcc 0.2.1 204.23 OK
r-devel-windows-ix86+x86_64 0.2.1 96.00 306.00 402.00 OK
r-patched-linux-x86_64 0.2.1 24.09 135.59 159.68 OK
r-release-linux-x86_64 0.2.1 23.82 134.46 158.28 OK
r-release-windows-ix86+x86_64 0.2.1 70.00 347.00 417.00 OK
r-release-osx-x86_64 0.2.1 ERROR
r-oldrel-windows-ix86+x86_64 0.2.1 70.00 230.00 300.00 OK
r-oldrel-osx-x86_64 0.2.1 ERROR

Check Details

Version: 0.2.1
Check: package dependencies
Result: ERROR
    Packages required but not available:
     ‘autothresholdr’ ‘BiocParallel’ ‘EBImage’
    
    See section ‘The DESCRIPTION file’ in the ‘Writing R Extensions’
    manual.
Flavor: r-release-osx-x86_64

Version: 0.2.1
Check: examples
Result: ERROR
    Running examples in ‘nandb-Ex.R’ failed
    The error most likely occurred in:
    
    > ### Name: CorrectForBleaching
    > ### Title: Detrend an image series
    > ### Aliases: CorrectForBleaching CorrectForBleachingFolder
    >
    > ### ** Examples
    >
    > library(magrittr)
    > img <- ReadImageData(system.file("extdata", "50.tif", package = "nandb"))
    > autotau <- CorrectForBleaching(img, "auto")
    > setwd(tempdir())
    > img <- ReadImageData(system.file('extdata', '50.tif', package = 'nandb'))
    > WriteIntImage(img, '50.tif')
    Now writing 50.tif.
    > WriteIntImage(img, '50again.tif')
    Now writing 50again.tif.
    > set.seed(33)
    > CorrectForBleachingFolder(tau = 1000, mst = "Huang", mcc = 2, na = "s")
    Error: 'bplapply' receive data failed:
     error reading from connection
    Execution halted
Flavor: r-oldrel-osx-x86_64

Version: 0.2.1
Check: tests
Result: ERROR
    Running the tests in ‘tests/testthat.R’ failed.
    Last 13 lines of output:
     1. Failure: Brightness works (@test_brightness.R#8)
     2. Failure: Brightness works (@test_brightness.R#13)
     3. Failure: BrightnessTimeSeries works (@test_brightness.R#38)
     4. Failure: BrightnessTimeSeries works (@test_brightness.R#44)
     5. Failure: BrightnessTimeSeriess works (@test_brightness.R#118)
     6. Failure: CorrectForBleachingFolder works (@test_detrend.R#30)
     7. Failure: BestTau works (@test_detrend.R#42)
     8. Failure: MeanIntensity works (@test_intensity.R#15)
     9. Failure: MeanIntensity works (@test_intensity.R#35)
     1. ...
    
     Error: testthat unit tests failed
     Execution halted
Flavor: r-oldrel-osx-x86_64