Last updated on 2017-07-26 01:56:23.
Flavor | Version | Tinstall | Tcheck | Ttotal | Status | Flags |
---|---|---|---|---|---|---|
r-devel-linux-x86_64-debian-clang | 2013.03.29 | 1.01 | 30.18 | 31.19 | NOTE | |
r-devel-linux-x86_64-debian-gcc | 2013.03.29 | 0.96 | 29.89 | 30.85 | NOTE | |
r-devel-linux-x86_64-fedora-clang | 2013.03.29 | 45.57 | NOTE | |||
r-devel-linux-x86_64-fedora-gcc | 2013.03.29 | 43.90 | NOTE | |||
r-devel-windows-ix86+x86_64 | 2013.03.29 | 4.00 | 47.00 | 51.00 | NOTE | |
r-patched-linux-x86_64 | 2013.03.29 | 1.04 | 29.25 | 30.30 | NOTE | |
r-patched-solaris-x86 | 2013.03.29 | 71.50 | NOTE | |||
r-release-linux-x86_64 | 2013.03.29 | 1.02 | 29.26 | 30.28 | NOTE | |
r-release-windows-ix86+x86_64 | 2013.03.29 | 3.00 | 42.00 | 45.00 | NOTE | |
r-release-osx-x86_64 | 2013.03.29 | NOTE | ||||
r-oldrel-windows-ix86+x86_64 | 2013.03.29 | 2.00 | 46.00 | 48.00 | NOTE | |
r-oldrel-osx-x86_64 | 2013.03.29 | NOTE |
Version: 2013.03.29
Check: DESCRIPTION meta-information
Result: NOTE
Malformed Description field: should contain one or more complete sentences.
Flavors: r-devel-linux-x86_64-debian-clang, r-devel-linux-x86_64-debian-gcc, r-devel-linux-x86_64-fedora-clang, r-devel-linux-x86_64-fedora-gcc, r-devel-windows-ix86+x86_64, r-patched-linux-x86_64, r-patched-solaris-x86, r-release-linux-x86_64, r-release-windows-ix86+x86_64, r-release-osx-x86_64, r-oldrel-windows-ix86+x86_64, r-oldrel-osx-x86_64
Version: 2013.03.29
Check: R code for possible problems
Result: NOTE
ncbit : FUN: no visible global function definition for ‘read.table’
ncbit : FUN: no visible global function definition for ‘head’
Undefined global functions or variables:
head read.table
Consider adding
importFrom("utils", "head", "read.table")
to your NAMESPACE file.
Flavors: r-devel-linux-x86_64-debian-clang, r-devel-linux-x86_64-debian-gcc, r-devel-linux-x86_64-fedora-clang, r-devel-linux-x86_64-fedora-gcc, r-devel-windows-ix86+x86_64, r-patched-linux-x86_64, r-patched-solaris-x86, r-release-linux-x86_64, r-release-windows-ix86+x86_64, r-release-osx-x86_64, r-oldrel-windows-ix86+x86_64, r-oldrel-osx-x86_64
Version: 2013.03.29
Check: installed package size
Result: NOTE
installed size is 9.5Mb
sub-directories of 1Mb or more:
data 9.4Mb
Flavors: r-devel-linux-x86_64-fedora-clang, r-devel-linux-x86_64-fedora-gcc, r-devel-windows-ix86+x86_64, r-patched-solaris-x86, r-release-windows-ix86+x86_64, r-release-osx-x86_64, r-oldrel-windows-ix86+x86_64, r-oldrel-osx-x86_64