CRAN Package Check Results for Package odbc

Last updated on 2017-07-26 01:56:24.

Flavor Version Tinstall Tcheck Ttotal Status Flags
r-devel-linux-x86_64-debian-clang 1.1.1 44.46 30.09 74.55 OK
r-devel-linux-x86_64-debian-gcc 1.1.1 47.16 29.79 76.95 OK
r-devel-linux-x86_64-fedora-clang 1.1.1 132.73 NOTE
r-devel-linux-x86_64-fedora-gcc 1.1.1 122.60 NOTE
r-devel-windows-ix86+x86_64 1.1.1 194.00 92.00 286.00 OK
r-patched-linux-x86_64 1.1.1 45.01 29.66 74.67 OK
r-patched-solaris-x86 1.1.1 132.40 OK
r-release-linux-x86_64 1.1.1 45.33 29.50 74.83 OK
r-release-windows-ix86+x86_64 1.1.1 155.00 90.00 245.00 OK
r-release-osx-x86_64 1.1.1 NOTE
r-oldrel-windows-ix86+x86_64 1.1.1 157.00 63.00 220.00 OK
r-oldrel-osx-x86_64 1.1.1 NOTE

Check Details

Version: 1.1.1
Check: installed package size
Result: NOTE
     installed size is 5.6Mb
     sub-directories of 1Mb or more:
     libs 5.3Mb
Flavors: r-devel-linux-x86_64-fedora-clang, r-devel-linux-x86_64-fedora-gcc, r-release-osx-x86_64, r-oldrel-osx-x86_64