CRAN Package Check Results for Package oem

Last updated on 2017-07-26 01:56:24.

Flavor Version Tinstall Tcheck Ttotal Status Flags
r-devel-linux-x86_64-debian-clang 2.0.6 199.94 143.22 343.16 OK
r-devel-linux-x86_64-debian-gcc 2.0.6 203.34 136.50 339.84 OK
r-devel-linux-x86_64-fedora-clang 2.0.6 689.09 NOTE
r-devel-linux-x86_64-fedora-gcc 2.0.6 700.47 NOTE
r-devel-windows-ix86+x86_64 2.0.6 575.00 278.00 853.00 OK
r-patched-linux-x86_64 2.0.6 203.16 152.88 356.04 OK
r-patched-solaris-x86 2.0.6 918.60 OK
r-release-linux-x86_64 2.0.6 203.04 143.06 346.09 OK
r-release-windows-ix86+x86_64 2.0.6 435.00 328.00 763.00 OK
r-release-osx-x86_64 2.0.6 NOTE
r-oldrel-windows-ix86+x86_64 2.0.6 455.00 244.00 699.00 OK
r-oldrel-osx-x86_64 2.0.6 NOTE

Additional issues

clang-UBSAN

Check Details

Version: 2.0.6
Check: installed package size
Result: NOTE
     installed size is 91.4Mb
     sub-directories of 1Mb or more:
     libs 90.9Mb
Flavors: r-devel-linux-x86_64-fedora-clang, r-devel-linux-x86_64-fedora-gcc, r-release-osx-x86_64, r-oldrel-osx-x86_64