Last updated on 2017-07-26 01:56:24.
Flavor | Version | Tinstall | Tcheck | Ttotal | Status | Flags |
---|---|---|---|---|---|---|
r-devel-linux-x86_64-debian-clang | 0.9-7 | 24.16 | 93.19 | 117.35 | NOTE | |
r-devel-linux-x86_64-debian-gcc | 0.9-7 | 24.16 | 91.46 | 115.63 | NOTE | |
r-devel-linux-x86_64-fedora-clang | 0.9-7 | 231.97 | NOTE | |||
r-devel-linux-x86_64-fedora-gcc | 0.9-7 | 213.84 | NOTE | |||
r-devel-windows-ix86+x86_64 | 0.9-7 | 99.00 | 273.00 | 372.00 | NOTE | |
r-patched-linux-x86_64 | 0.9-7 | 23.29 | 92.52 | 115.81 | NOTE | |
r-patched-solaris-x86 | 0.9-7 | 263.30 | NOTE | |||
r-release-linux-x86_64 | 0.9-7 | 23.67 | 93.37 | 117.05 | NOTE | |
r-release-windows-ix86+x86_64 | 0.9-7 | 66.00 | 271.00 | 337.00 | NOTE | |
r-release-osx-x86_64 | 0.9-7 | OK | ||||
r-oldrel-windows-ix86+x86_64 | 0.9-7 | 70.00 | 191.00 | 261.00 | OK | |
r-oldrel-osx-x86_64 | 0.9-7 | OK |
Version: 0.9-7
Check: S3 generic/method consistency
Result: NOTE
Found the following apparent S3 methods exported but not registered:
cbind.BlockedInfinitySparseMatrix cbind.InfinitySparseMatrix
rbind.BlockedInfinitySparseMatrix rbind.InfinitySparseMatrix
See section ‘Registering S3 methods’ in the ‘Writing R Extensions’
manual.
Flavors: r-devel-linux-x86_64-debian-clang, r-devel-linux-x86_64-debian-gcc, r-devel-linux-x86_64-fedora-clang, r-devel-linux-x86_64-fedora-gcc, r-patched-linux-x86_64, r-patched-solaris-x86, r-release-linux-x86_64
Version: 0.9-7
Check: Rd \usage sections
Result: NOTE
S3 methods shown with full name in documentation object 'cbind.InfinitySparseMatrix':
‘cbind.InfinitySparseMatrix’ ‘rbind.InfinitySparseMatrix’
‘cbind.BlockedInfinitySparseMatrix’
‘rbind.BlockedInfinitySparseMatrix’
The \usage entries for S3 methods should use the \method markup and not
their full name.
See chapter ‘Writing R documentation files’ in the ‘Writing R
Extensions’ manual.
Flavors: r-devel-linux-x86_64-debian-clang, r-devel-linux-x86_64-debian-gcc, r-devel-linux-x86_64-fedora-clang, r-devel-linux-x86_64-fedora-gcc, r-devel-windows-ix86+x86_64, r-patched-linux-x86_64, r-patched-solaris-x86, r-release-linux-x86_64, r-release-windows-ix86+x86_64
Version: 0.9-7
Check: compiled code
Result: NOTE
File ‘optmatch/libs/optmatch.so’:
Found no calls to: ‘R_registerRoutines’, ‘R_useDynamicSymbols’
It is good practice to register native routines and to disable symbol
search.
See ‘Writing portable packages’ in the ‘Writing R Extensions’ manual.
Flavors: r-devel-linux-x86_64-debian-clang, r-devel-linux-x86_64-debian-gcc, r-devel-linux-x86_64-fedora-clang, r-devel-linux-x86_64-fedora-gcc, r-patched-linux-x86_64, r-release-linux-x86_64