Last updated on 2017-07-26 01:56:24.
Flavor | Version | Tinstall | Tcheck | Ttotal | Status | Flags |
---|---|---|---|---|---|---|
r-devel-linux-x86_64-debian-clang | 0.8 | 4.20 | 59.33 | 63.53 | NOTE | |
r-devel-linux-x86_64-debian-gcc | 0.8 | 4.28 | 57.89 | 62.17 | NOTE | |
r-devel-linux-x86_64-fedora-clang | 0.8 | 127.79 | NOTE | |||
r-devel-linux-x86_64-fedora-gcc | 0.8 | 119.23 | NOTE | |||
r-devel-windows-ix86+x86_64 | 0.8 | 20.00 | 122.00 | 142.00 | NOTE | |
r-patched-linux-x86_64 | 0.8 | 4.46 | 59.34 | 63.80 | NOTE | |
r-patched-solaris-x86 | 0.8 | 184.30 | NOTE | |||
r-release-linux-x86_64 | 0.8 | 4.32 | 59.51 | 63.83 | NOTE | |
r-release-windows-ix86+x86_64 | 0.8 | 13.00 | 132.00 | 145.00 | NOTE | |
r-release-osx-x86_64 | 0.8 | NOTE | ||||
r-oldrel-windows-ix86+x86_64 | 0.8 | 12.00 | 101.00 | 113.00 | NOTE | |
r-oldrel-osx-x86_64 | 0.8 | NOTE |
Version: 0.8
Check: R code for possible problems
Result: NOTE
BTLboost: no visible global function definition for ‘as.formula’
design: no visible global function definition for ‘as.formula’
wide2long: no visible global function definition for ‘reshape’
Undefined global functions or variables:
as.formula reshape
Consider adding
importFrom("stats", "as.formula", "reshape")
to your NAMESPACE file.
Flavors: r-devel-linux-x86_64-debian-clang, r-devel-linux-x86_64-debian-gcc, r-devel-linux-x86_64-fedora-clang, r-devel-linux-x86_64-fedora-gcc, r-devel-windows-ix86+x86_64, r-patched-linux-x86_64, r-patched-solaris-x86, r-release-linux-x86_64, r-release-windows-ix86+x86_64, r-release-osx-x86_64, r-oldrel-windows-ix86+x86_64, r-oldrel-osx-x86_64