CRAN Package Check Results for Package p2distance

Last updated on 2017-07-26 01:56:24.

Flavor Version Tinstall Tcheck Ttotal Status Flags
r-devel-linux-x86_64-debian-clang 1.0.1 0.56 17.41 17.97 NOTE
r-devel-linux-x86_64-debian-gcc 1.0.1 0.58 17.36 17.94 NOTE
r-devel-linux-x86_64-fedora-clang 1.0.1 19.58 NOTE
r-devel-linux-x86_64-fedora-gcc 1.0.1 18.80 NOTE
r-devel-windows-ix86+x86_64 1.0.1 3.00 28.00 31.00 NOTE
r-patched-linux-x86_64 1.0.1 0.68 17.41 18.09 NOTE
r-patched-solaris-x86 1.0.1 28.90 NOTE
r-release-linux-x86_64 1.0.1 0.65 17.49 18.14 NOTE
r-release-windows-ix86+x86_64 1.0.1 2.00 26.00 28.00 NOTE
r-release-osx-x86_64 1.0.1 NOTE
r-oldrel-windows-ix86+x86_64 1.0.1 2.00 26.00 28.00 NOTE
r-oldrel-osx-x86_64 1.0.1 NOTE

Check Details

Version: 1.0.1
Check: R code for possible problems
Result: NOTE
    loadCSVtoP2distance: no visible global function definition for
     ‘read.table’
    p2distance : calcularDistancia: no visible binding for global variable
     ‘sd’
    p2distance : ordenarVariables: no visible global function definition
     for ‘cor’
    p2distance : calculoFactoresPonderacion: no visible global function
     definition for ‘lm’
    p2distance: no visible global function definition for ‘cor’
    Undefined global functions or variables:
     cor lm read.table sd
    Consider adding
     importFrom("stats", "cor", "lm", "sd")
     importFrom("utils", "read.table")
    to your NAMESPACE file.
Flavors: r-devel-linux-x86_64-debian-clang, r-devel-linux-x86_64-debian-gcc, r-devel-linux-x86_64-fedora-clang, r-devel-linux-x86_64-fedora-gcc, r-devel-windows-ix86+x86_64, r-patched-linux-x86_64, r-patched-solaris-x86, r-release-linux-x86_64, r-release-windows-ix86+x86_64, r-release-osx-x86_64, r-oldrel-windows-ix86+x86_64, r-oldrel-osx-x86_64