CRAN Package Check Results for Package parlitools

Last updated on 2017-07-26 01:56:24.

Flavor Version Tinstall Tcheck Ttotal Status Flags
r-devel-linux-x86_64-debian-clang 0.1.0 3.13 353.82 356.95 OK
r-devel-linux-x86_64-debian-gcc 0.1.0 2.67 352.99 355.66 OK
r-devel-linux-x86_64-fedora-clang 0.1.0 643.43 NOTE
r-devel-linux-x86_64-fedora-gcc 0.1.0 587.28 NOTE
r-devel-windows-ix86+x86_64 0.1.0 11.00 708.00 719.00 OK
r-patched-linux-x86_64 0.1.0 2.75 363.43 366.18 OK
r-patched-solaris-x86 0.1.0 123.80 WARN
r-release-linux-x86_64 0.1.0 2.84 373.30 376.13 OK
r-release-windows-ix86+x86_64 0.1.0 12.00 694.00 706.00 OK
r-release-osx-x86_64 0.1.0 WARN
r-oldrel-windows-ix86+x86_64 0.1.0 8.00 629.00 637.00 OK
r-oldrel-osx-x86_64 0.1.0 WARN

Check Details

Version: 0.1.0
Check: data for non-ASCII characters
Result: NOTE
     Note: found 7 marked UTF-8 strings
Flavors: r-devel-linux-x86_64-fedora-clang, r-devel-linux-x86_64-fedora-gcc, r-patched-solaris-x86, r-release-osx-x86_64, r-oldrel-osx-x86_64

Version: 0.1.0
Check: re-building of vignette outputs
Result: WARN
    Error in re-building vignettes:
     ...
    Warning in engine$weave(file, quiet = quiet, encoding = enc) :
     Pandoc (>= 1.12.3) and/or pandoc-citeproc not available. Falling back to R Markdown v1.
    Warning in engine$weave(file, quiet = quiet, encoding = enc) :
     Pandoc (>= 1.12.3) and/or pandoc-citeproc not available. Falling back to R Markdown v1.
    Linking to GEOS 3.6.1, GDAL 2.2.0, proj.4 4.9.3
    
    Attaching package: 'dplyr'
    
    The following objects are masked from 'package:stats':
    
     filter, lag
    
    The following objects are masked from 'package:base':
    
     intersect, setdiff, setequal, union
    
    Downloading MP data
    Downloading constituency data
    Warning: Column `party_id` joining character vector and factor, coercing into character vector
    PhantomJS not found. You can install it with webshot::install_phantomjs(). If it is installed, please make sure the phantomjs executable can be found via the PATH variable.
    Warning in normalizePath(f2) :
     path[1]="./webshot31392b983cd4.png": No such file or directory
    Warning in file(con, "rb") :
     cannot open file './webshot31392b983cd4.png': No such file or directory
    Quitting from lines 67-112 (introduction.Rmd)
    Error: processing vignette 'introduction.Rmd' failed with diagnostics:
    cannot open the connection
    Execution halted
Flavor: r-patched-solaris-x86

Version: 0.1.0
Check: re-building of vignette outputs
Result: WARN
    Error in re-building vignettes:
     ...
     Pandoc (>= 1.12.3) and/or pandoc-citeproc not available. Falling back to R Markdown v1.
    Linking to GEOS 3.6.1, GDAL 2.1.3, proj.4 4.9.3
    
    Attaching package: 'dplyr'
    
    The following objects are masked from 'package:stats':
    
     filter, lag
    
    The following objects are masked from 'package:base':
    
     intersect, setdiff, setequal, union
    
    Downloading MP data
    Downloading constituency data
    Warning: Column `party_id` joining character vector and factor, coercing into character vector
    PhantomJS not found. You can install it with webshot::install_phantomjs(). If it is installed, please make sure the phantomjs executable can be found via the PATH variable.
    Warning in normalizePath(f2) :
     path[1]="./webshotb1be7b14a7b3.png": No such file or directory
    Warning in file(con, "rb") :
     cannot open file './webshotb1be7b14a7b3.png': No such file or directory
    Quitting from lines 67-112 (introduction.Rmd)
    Error: processing vignette 'introduction.Rmd' failed with diagnostics:
    cannot open the connection
    Execution halted
Flavor: r-release-osx-x86_64

Version: 0.1.0
Check: whether package can be installed
Result: WARN
    Found the following significant warnings:
     Warning: Installed Rcpp (0.12.12) different from Rcpp used to build dplyr (0.12.11).
Flavor: r-oldrel-osx-x86_64

Version: 0.1.0
Check: re-building of vignette outputs
Result: WARN
    Error in re-building vignettes:
     ...
    Warning: Installed Rcpp (0.12.12) different from Rcpp used to build dplyr (0.12.11).
    Please reinstall dplyr to avoid random crashes or undefined behavior.
    
    Attaching package: 'dplyr'
    
    The following objects are masked from 'package:stats':
    
     filter, lag
    
    The following objects are masked from 'package:base':
    
     intersect, setdiff, setequal, union
    
    Downloading MP data
    Downloading constituency data
    Warning: Column `party_id` joining character vector and factor, coercing into character vector
    PhantomJS not found. You can install it with webshot::install_phantomjs(). If it is installed, please make sure the phantomjs executable can be found via the PATH variable.
    Warning in normalizePath(f2) :
     path[1]="./webshotb6c52772e786.png": No such file or directory
    Warning in file(con, "rb") :
     cannot open file './webshotb6c52772e786.png': No such file or directory
    Quitting from lines 67-112 (introduction.Rmd)
    Error: processing vignette 'introduction.Rmd' failed with diagnostics:
    cannot open the connection
    Execution halted
Flavor: r-oldrel-osx-x86_64