Last updated on 2017-07-26 01:56:26.
Flavor | Version | Tinstall | Tcheck | Ttotal | Status | Flags |
---|---|---|---|---|---|---|
r-devel-linux-x86_64-debian-clang | 1.2 | 0.88 | 48.99 | 49.87 | NOTE | |
r-devel-linux-x86_64-debian-gcc | 1.2 | 0.78 | 48.94 | 49.72 | NOTE | |
r-devel-linux-x86_64-fedora-clang | 1.2 | 83.95 | NOTE | |||
r-devel-linux-x86_64-fedora-gcc | 1.2 | 84.90 | NOTE | |||
r-devel-windows-ix86+x86_64 | 1.2 | 5.00 | 75.00 | 80.00 | NOTE | |
r-patched-linux-x86_64 | 1.2 | 0.77 | 48.24 | 49.01 | NOTE | |
r-patched-solaris-x86 | 1.2 | 95.50 | NOTE | |||
r-release-linux-x86_64 | 1.2 | 0.74 | 48.22 | 48.95 | NOTE | |
r-release-windows-ix86+x86_64 | 1.2 | 3.00 | 69.00 | 72.00 | NOTE | |
r-release-osx-x86_64 | 1.2 | NOTE | ||||
r-oldrel-windows-ix86+x86_64 | 1.2 | 3.00 | 70.00 | 73.00 | NOTE | |
r-oldrel-osx-x86_64 | 1.2 | NOTE |
Version: 1.2
Check: R code for possible problems
Result: NOTE
bjkmodel: no visible global function definition for ‘dpois’
bjmodel: no visible global function definition for ‘dpois’
bjmodel: no visible global function definition for ‘runif’
bkmodel: no visible global function definition for ‘dpois’
init1.1.jk.j: no visible global function definition for ‘coefficients’
init1.1.jk.j: no visible global function definition for ‘glm’
init1.1.jk.j: no visible global function definition for ‘poisson’
init1.1.jk.j: no visible global function definition for ‘runif’
init1.1.jk.j: no visible global function definition for ‘rnorm’
init1.1.jk.j: no visible global function definition for ‘dpois’
init1.2.jk.j: no visible global function definition for ‘dpois’
init1.2.jk.j: no visible global function definition for ‘runif’
init1.k: no visible global function definition for ‘coefficients’
init1.k: no visible global function definition for ‘glm’
init1.k: no visible global function definition for ‘poisson’
init1.k: no visible global function definition for ‘rnorm’
init1.k: no visible global function definition for ‘dpois’
init2.jk.j: no visible global function definition for ‘runif’
init2.jk.j: no visible global function definition for ‘kmeans’
init2.jk.j: no visible global function definition for ‘rnorm’
init2.jk.j: no visible global function definition for ‘glm’
init2.jk.j: no visible binding for global variable ‘poisson’
init2.jk.j: no visible global function definition for ‘dpois’
init2.k: no visible global function definition for ‘runif’
init2.k: no visible global function definition for ‘rnorm’
init2.k: no visible global function definition for ‘glm’
init2.k: no visible binding for global variable ‘poisson’
init2.k: no visible global function definition for ‘dpois’
mylogLikePoisMix: no visible global function definition for ‘dpois’
pois.glm.mix: no visible global function definition for ‘dev.new’
pois.glm.mix: no visible global function definition for ‘plot’
pois.glm.mix: no visible global function definition for ‘lines’
pois.glm.mix: no visible global function definition for ‘legend’
pois.glm.mix: no visible global function definition for ‘dev.set’
pois.glm.mix: no visible global function definition for ‘par’
pois.glm.mix: no visible global function definition for ‘curve’
Undefined global functions or variables:
coefficients curve dev.new dev.set dpois glm kmeans legend lines par
plot poisson rnorm runif
Consider adding
importFrom("grDevices", "dev.new", "dev.set")
importFrom("graphics", "curve", "legend", "lines", "par", "plot")
importFrom("stats", "coefficients", "dpois", "glm", "kmeans",
"poisson", "rnorm", "runif")
to your NAMESPACE file.
Flavors: r-devel-linux-x86_64-debian-clang, r-devel-linux-x86_64-debian-gcc, r-devel-linux-x86_64-fedora-clang, r-devel-linux-x86_64-fedora-gcc, r-devel-windows-ix86+x86_64, r-patched-linux-x86_64, r-patched-solaris-x86, r-release-linux-x86_64, r-release-windows-ix86+x86_64, r-release-osx-x86_64, r-oldrel-windows-ix86+x86_64, r-oldrel-osx-x86_64