CRAN Package Check Results for Package prevR

Last updated on 2017-07-26 01:56:33.

Flavor Version Tinstall Tcheck Ttotal Status Flags
r-devel-linux-x86_64-debian-clang 3.3 4.73 61.18 65.91 OK
r-devel-linux-x86_64-debian-gcc 3.3 4.81 60.46 65.27 OK
r-devel-linux-x86_64-fedora-clang 3.3 117.86 OK
r-devel-linux-x86_64-fedora-gcc 3.3 124.26 OK
r-devel-windows-ix86+x86_64 3.3 20.00 137.00 157.00 OK
r-patched-linux-x86_64 3.3 4.75 63.46 68.20 OK
r-patched-solaris-x86 3.3 155.90 OK
r-release-linux-x86_64 3.3 4.83 61.44 66.27 OK
r-release-windows-ix86+x86_64 3.3 16.00 135.00 151.00 OK
r-release-osx-x86_64 3.3 OK
r-oldrel-windows-ix86+x86_64 3.3 15.00 109.00 124.00 OK
r-oldrel-osx-x86_64 3.3 NOTE

Check Details

Version: 3.3
Check: dependencies in R code
Result: NOTE
    Invalid MIT-MAGIC-COOKIE-1 key
Flavor: r-oldrel-osx-x86_64