Last updated on 2017-07-26 01:56:34.
Flavor | Version | Tinstall | Tcheck | Ttotal | Status | Flags |
---|---|---|---|---|---|---|
r-devel-linux-x86_64-debian-clang | 1.0-18 | 1.95 | 17.18 | 19.13 | NOTE | |
r-devel-linux-x86_64-debian-gcc | 1.0-18 | 2.01 | 16.85 | 18.85 | NOTE | |
r-devel-linux-x86_64-fedora-clang | 1.0-18 | 22.24 | NOTE | |||
r-devel-linux-x86_64-fedora-gcc | 1.0-18 | 20.49 | NOTE | |||
r-devel-windows-ix86+x86_64 | 1.0-18 | 12.00 | 32.00 | 44.00 | OK | |
r-patched-linux-x86_64 | 1.0-18 | 1.94 | 17.04 | 18.98 | NOTE | |
r-patched-solaris-x86 | 1.0-18 | 32.50 | OK | |||
r-release-linux-x86_64 | 1.0-18 | 1.93 | 17.13 | 19.06 | NOTE | |
r-release-windows-ix86+x86_64 | 1.0-18 | 12.00 | 37.00 | 49.00 | OK | |
r-release-osx-x86_64 | 1.0-18 | OK | ||||
r-oldrel-windows-ix86+x86_64 | 1.0-18 | 10.00 | 35.00 | 45.00 | OK | |
r-oldrel-osx-x86_64 | 1.0-18 | OK |
Version: 1.0-18
Check: top-level files
Result: NOTE
Non-standard file/directory found at top level:
‘orig’
Flavors: r-devel-linux-x86_64-debian-clang, r-devel-linux-x86_64-debian-gcc, r-devel-linux-x86_64-fedora-clang, r-devel-linux-x86_64-fedora-gcc, r-patched-linux-x86_64, r-release-linux-x86_64