Last updated on 2017-07-26 01:56:35.
Flavor | Version | Tinstall | Tcheck | Ttotal | Status | Flags |
---|---|---|---|---|---|---|
r-devel-linux-x86_64-debian-clang | 0.8.0 | 6.34 | 93.85 | 100.18 | OK | |
r-devel-linux-x86_64-debian-gcc | 0.8.0 | 6.29 | 91.85 | 98.15 | OK | |
r-devel-linux-x86_64-fedora-clang | 0.8.0 | 209.48 | NOTE | |||
r-devel-linux-x86_64-fedora-gcc | 0.8.0 | 194.71 | NOTE | |||
r-devel-windows-ix86+x86_64 | 0.8.0 | 31.00 | 205.00 | 236.00 | OK | |
r-patched-linux-x86_64 | 0.8.0 | 6.53 | 94.90 | 101.43 | OK | |
r-patched-solaris-x86 | 0.8.0 | 268.50 | NOTE | |||
r-release-linux-x86_64 | 0.8.0 | 6.36 | 95.13 | 101.49 | OK | |
r-release-windows-ix86+x86_64 | 0.8.0 | 17.00 | 241.00 | 258.00 | OK | |
r-release-osx-x86_64 | 0.8.0 | NOTE | ||||
r-oldrel-windows-ix86+x86_64 | 0.8.0 | 21.00 | 147.00 | 168.00 | OK | |
r-oldrel-osx-x86_64 | 0.8.0 | NOTE |
Version: 0.8.0
Check: data for non-ASCII characters
Result: NOTE
Note: found 1 marked UTF-8 string
Flavors: r-devel-linux-x86_64-fedora-clang, r-devel-linux-x86_64-fedora-gcc, r-patched-solaris-x86, r-release-osx-x86_64, r-oldrel-osx-x86_64