CRAN Package Check Results for Package raincpc

Last updated on 2017-07-26 01:56:35.

Flavor Version Tinstall Tcheck Ttotal Status Flags
r-devel-linux-x86_64-debian-clang 0.4 1.11 81.30 82.42 NOTE
r-devel-linux-x86_64-debian-gcc 0.4 1.04 84.24 85.28 NOTE
r-devel-linux-x86_64-fedora-clang 0.4 53.53 NOTE
r-devel-linux-x86_64-fedora-gcc 0.4 48.98 NOTE
r-devel-windows-ix86+x86_64 0.4 5.00 97.00 102.00 NOTE
r-patched-linux-x86_64 0.4 1.05 83.24 84.29 NOTE
r-patched-solaris-x86 0.4 75.60 NOTE
r-release-linux-x86_64 0.4 1.20 82.72 83.93 NOTE
r-release-windows-ix86+x86_64 0.4 3.00 97.00 100.00 NOTE
r-release-osx-x86_64 0.4 NOTE
r-oldrel-windows-ix86+x86_64 0.4 2.00 72.00 74.00 NOTE
r-oldrel-osx-x86_64 0.4 NOTE

Check Details

Version: 0.4
Check: R code for possible problems
Result: NOTE
    cpc_get_rawdata: no visible global function definition for
     ‘download.file’
    Undefined global functions or variables:
     download.file
    Consider adding
     importFrom("utils", "download.file")
    to your NAMESPACE file.
Flavors: r-devel-linux-x86_64-debian-clang, r-devel-linux-x86_64-debian-gcc, r-devel-linux-x86_64-fedora-clang, r-devel-linux-x86_64-fedora-gcc, r-devel-windows-ix86+x86_64, r-patched-linux-x86_64, r-patched-solaris-x86, r-release-linux-x86_64, r-release-windows-ix86+x86_64, r-release-osx-x86_64, r-oldrel-windows-ix86+x86_64, r-oldrel-osx-x86_64