Last updated on 2017-07-26 01:56:36.
Flavor | Version | Tinstall | Tcheck | Ttotal | Status | Flags |
---|---|---|---|---|---|---|
r-devel-linux-x86_64-debian-clang | 0.8.0 | 1.94 | 37.02 | 38.97 | OK | |
r-devel-linux-x86_64-debian-gcc | 0.8.0 | 1.80 | 36.03 | 37.83 | OK | |
r-devel-linux-x86_64-fedora-clang | 0.8.0 | 56.92 | OK | |||
r-devel-linux-x86_64-fedora-gcc | 0.8.0 | 53.00 | OK | |||
r-devel-windows-ix86+x86_64 | 0.8.0 | 9.00 | 78.00 | 87.00 | OK | |
r-patched-linux-x86_64 | 0.8.0 | 1.79 | 35.87 | 37.66 | OK | |
r-patched-solaris-x86 | 0.8.0 | 68.50 | WARN | |||
r-release-linux-x86_64 | 0.8.0 | 1.73 | 35.61 | 37.34 | OK | |
r-release-windows-ix86+x86_64 | 0.8.0 | 5.00 | 85.00 | 90.00 | OK | |
r-release-osx-x86_64 | 0.8.0 | WARN | ||||
r-oldrel-windows-ix86+x86_64 | 0.8.0 | 5.00 | 49.00 | 54.00 | OK | |
r-oldrel-osx-x86_64 | 0.8.0 | WARN |
Version: 0.8.0
Check: re-building of vignette outputs
Result: WARN
Error in re-building vignettes:
...
Warning in engine$weave(file, quiet = quiet, encoding = enc) :
Pandoc (>= 1.12.3) and/or pandoc-citeproc not available. Falling back to R Markdown v1.
Warning in normalizePath(f2) :
path[1]="./webshot69b22b6d5012.png": No such file or directory
Warning in file(con, "rb") :
cannot open file './webshot69b22b6d5012.png': No such file or directory
Quitting from lines 22-26 (mapDWD.Rmd)
Error: processing vignette 'mapDWD.Rmd' failed with diagnostics:
cannot open the connection
Execution halted
Flavor: r-patched-solaris-x86
Version: 0.8.0
Check: re-building of vignette outputs
Result: WARN
Error in re-building vignettes:
...
Warning in engine$weave(file, quiet = quiet, encoding = enc) :
Pandoc (>= 1.12.3) and/or pandoc-citeproc not available. Falling back to R Markdown v1.
Warning in normalizePath(f2) :
path[1]="./webshot9ce16a2399ae.png": No such file or directory
Warning in file(con, "rb") :
cannot open file './webshot9ce16a2399ae.png': No such file or directory
Quitting from lines 22-26 (mapDWD.Rmd)
Error: processing vignette 'mapDWD.Rmd' failed with diagnostics:
cannot open the connection
Execution halted
Flavor: r-release-osx-x86_64
Version: 0.8.0
Check: re-building of vignette outputs
Result: WARN
Error in re-building vignettes:
...
Warning in engine$weave(file, quiet = quiet, encoding = enc) :
Pandoc (>= 1.12.3) and/or pandoc-citeproc not available. Falling back to R Markdown v1.
Warning in normalizePath(f2) :
path[1]="./webshot540327f7e726.png": No such file or directory
Warning in file(con, "rb") :
cannot open file './webshot540327f7e726.png': No such file or directory
Quitting from lines 22-26 (mapDWD.Rmd)
Error: processing vignette 'mapDWD.Rmd' failed with diagnostics:
cannot open the connection
Execution halted
Flavor: r-oldrel-osx-x86_64