Last updated on 2017-07-26 01:56:36.
Flavor | Version | Tinstall | Tcheck | Ttotal | Status | Flags |
---|---|---|---|---|---|---|
r-devel-linux-x86_64-debian-clang | 0.98.1 | 26.84 | 133.28 | 160.13 | NOTE | |
r-devel-linux-x86_64-debian-gcc | 0.98.1 | 25.33 | 134.11 | 159.44 | NOTE | |
r-devel-linux-x86_64-fedora-clang | 0.98.1 | 269.39 | NOTE | |||
r-devel-linux-x86_64-fedora-gcc | 0.98.1 | 256.21 | NOTE | |||
r-devel-windows-ix86+x86_64 | 0.98.1 | 262.00 | 238.00 | 500.00 | NOTE | |
r-patched-linux-x86_64 | 0.98.1 | 51.26 | 132.86 | 184.13 | OK | |
r-patched-solaris-x86 | 0.98.1 | 213.60 | WARN | |||
r-release-linux-x86_64 | 0.98.1 | 46.99 | 132.18 | 179.17 | OK | |
r-release-windows-ix86+x86_64 | 0.98.1 | 200.00 | 272.00 | 472.00 | NOTE | |
r-release-osx-x86_64 | 0.98.1 | WARN | ||||
r-oldrel-windows-ix86+x86_64 | 0.98.1 | 197.00 | 179.00 | 376.00 | NOTE | |
r-oldrel-osx-x86_64 | 0.98.1 | WARN |
Version: 0.98.1
Check: package dependencies
Result: NOTE
Package suggested but not available for checking: ‘magick’
Flavors: r-devel-linux-x86_64-debian-clang, r-devel-linux-x86_64-debian-gcc, r-devel-linux-x86_64-fedora-clang, r-patched-solaris-x86
Version: 0.98.1
Check: installed package size
Result: NOTE
installed size is 8.5Mb
sub-directories of 1Mb or more:
doc 2.6Mb
fonts 1.5Mb
libs 2.5Mb
Flavors: r-devel-linux-x86_64-fedora-clang, r-devel-linux-x86_64-fedora-gcc, r-devel-windows-ix86+x86_64, r-patched-solaris-x86, r-release-windows-ix86+x86_64, r-release-osx-x86_64, r-oldrel-windows-ix86+x86_64, r-oldrel-osx-x86_64
Version: 0.98.1
Check: Rd cross-references
Result: NOTE
Package unavailable to check Rd xrefs: ‘magick’
Flavors: r-devel-linux-x86_64-fedora-clang, r-patched-solaris-x86
Version: 0.98.1
Check: re-building of vignette outputs
Result: WARN
Error in re-building vignettes:
...
Warning in engine$weave(file, quiet = quiet, encoding = enc) :
Pandoc (>= 1.12.3) and/or pandoc-citeproc not available. Falling back to R Markdown v1.
Quitting from lines 17-19 (WebGL.Rmd)
Error: processing vignette 'WebGL.Rmd' failed with diagnostics:
These vignettes assume pandoc version 1.13.1; older versions will not work.
Execution halted
Flavors: r-patched-solaris-x86, r-release-osx-x86_64, r-oldrel-osx-x86_64