CRAN Package Check Results for Package rivr

Last updated on 2017-07-26 01:56:37.

Flavor Version Tinstall Tcheck Ttotal Status Flags
r-devel-linux-x86_64-debian-clang 1.2 11.81 32.58 44.39 NOTE
r-devel-linux-x86_64-debian-gcc 1.2 12.88 32.48 45.36 NOTE
r-devel-linux-x86_64-fedora-clang 1.2 76.18 NOTE
r-devel-linux-x86_64-fedora-gcc 1.2 81.35 NOTE
r-devel-windows-ix86+x86_64 1.2 55.00 95.00 150.00 OK
r-patched-linux-x86_64 1.2 12.79 33.03 45.82 NOTE
r-patched-solaris-x86 1.2 91.50 OK
r-release-linux-x86_64 1.2 12.34 32.82 45.16 NOTE
r-release-windows-ix86+x86_64 1.2 41.00 101.00 142.00 OK
r-release-osx-x86_64 1.2 OK
r-oldrel-windows-ix86+x86_64 1.2 38.00 68.00 106.00 OK
r-oldrel-osx-x86_64 1.2 OK

Check Details

Version: 1.2
Check: compiled code
Result: NOTE
    File ‘rivr/libs/rivr.so’:
     Found no calls to: ‘R_registerRoutines’, ‘R_useDynamicSymbols’
    
    It is good practice to register native routines and to disable symbol
    search.
    
    See ‘Writing portable packages’ in the ‘Writing R Extensions’ manual.
Flavors: r-devel-linux-x86_64-debian-clang, r-devel-linux-x86_64-debian-gcc, r-devel-linux-x86_64-fedora-clang, r-devel-linux-x86_64-fedora-gcc, r-patched-linux-x86_64, r-release-linux-x86_64